{"id":1316,"date":"2017-10-16T04:10:26","date_gmt":"2017-10-16T04:10:26","guid":{"rendered":"http:\/\/ninzio.com\/prelude\/?page_id=1316"},"modified":"2026-02-18T14:22:54","modified_gmt":"2026-02-18T20:22:54","slug":"about-us","status":"publish","type":"page","link":"https:\/\/procinco.ahm-honduras.com\/?page_id=1316","title":{"rendered":"Acerca de PROCINCO"},"content":{"rendered":"<div class=\"wpb-content-wrapper\"><p>[vc_row][vc_column]\r\n\t<div class=\"prelude-spacer clearfix\" data-desktop=\"97\" data-mobi=\"60\" data-smobi=\"60\"><\/div><div class=\"prelude-headings clearfix text-center\" data-font=14 style=\"\"><h3 class=\"heading clearfix  accent\" style=\"font-weight:500;letter-spacing:0.25px;margin-bottom:15px;font-size:14px;\">\r\n\t\tPROGRAMA DE CAPACITACI\u00d3N INTEGRAL PARA LA COMPETITIVIDAD\r\n\t<\/h3><\/div>[vc_column_text]<\/p>\n<h2 style=\"max-width: 900px; text-align: center; font-weight: 600; margin: 0 auto 10px;\"><span style=\"font-weight: 300;\">Formaci\u00f3n, la herramienta<br \/>\n<\/span><span>para el desarrollo integral<\/span><\/h2>\n<p>[\/vc_column_text]\r\n\t<div class=\"prelude-spacer clearfix\" data-desktop=\"50\" data-mobi=\"30\" data-smobi=\"30\"><\/div>\r\n\t<div class=\"prelude-spacer clearfix\" data-desktop=\"80\" data-mobi=\"50\" data-smobi=\"50\"><\/div>[vc_row_inner][vc_column_inner width=\u00bb1\/2&#8243;][vc_column_text]<\/p>\n<div style=\"color: #5e5d6c; font-size: 18px; line-height: 27px; font-weight: 600; margin-bottom: 27px;\">Independientemente del tipo y naturaleza de una empresa, la formaci\u00f3n es una herramienta fundamental que busca la mejora continua y el desarrollo integral de su personal, tanto a nivel personal como profesional.<\/div>\n<div style=\"color: #5e5d6c; font-size: 18px; line-height: 27px;\">Con esta visi\u00f3n, en 2001, con los recursos del Fondo Multilateral de Inversiones del Banco Interamericano de Desarrollo, BID, se cre\u00f3 el Proyecto del Programa de Formaci\u00f3n Integral para la Competitividad, PROCINCO. En el a\u00f1o 2004 se institucionaliz\u00f3 como un Programa de Capacitaci\u00f3n permanente de la Asociaci\u00f3n Hondure\u00f1a de Maquiladores a beneficio de todas sus empresas afiliadas.<\/div>\n<p>[\/vc_column_text]\r\n\t<div class=\"prelude-spacer clearfix\" data-desktop=\"80\" data-mobi=\"50\" data-smobi=\"50\"><\/div>[\/vc_column_inner][vc_column_inner width=\u00bb1\/2&#8243;]\r\n\t<div class=\"prelude-parallax-box\"><div class=\"parallax-wrap\"><div class=\"prelude-parallax-item has-width\" style=\"left:41%;margin-top:15%;width:59%;border-radius:7px;box-shadow: 0px 10px 90px 0px rgba(110,123,131,0.2);\" data-parallax='{\"y\" : -40, \"smoothness\" : 40}' data-top=\"15%\"><img decoding=\"async\" class=\"parallax-image\" src=\"https:\/\/procinco.ahm-honduras.com\/wp-content\/uploads\/2022\/05\/slide-2-about.jpg\" alt=\"image\"><\/div><div class=\"prelude-parallax-item has-width\" style=\"left:4%;margin-top:2%;width:65%;border-radius:7px;box-shadow: 0px 10px 90px 0px rgba(110,123,131,0.2);\" data-parallax='{\"y\" : -80, \"smoothness\" : 20}' data-top=\"2%\"><img decoding=\"async\" class=\"parallax-image\" src=\"https:\/\/procinco.ahm-honduras.com\/wp-content\/uploads\/2022\/05\/slide-1-about.jpg\" alt=\"image\"><\/div><div class=\"prelude-parallax-item has-width\" style=\"left:4%;margin-top:2%;width:65%;border-radius:7px;box-shadow: 0px 10px 90px 0px rgba(110,123,131,0.2);\" data-parallax='{\"y\" : -80, \"smoothness\" : 20}' data-top=\"2%\"><img decoding=\"async\" class=\"parallax-image\" src=\"https:\/\/procinco.ahm-honduras.com\/wp-content\/uploads\/2022\/05\/slide-1-about.jpg\" alt=\"image\"><\/div><div class=\"prelude-parallax-item has-width\" style=\"left:4%;margin-top:2%;width:65%;border-radius:7px;box-shadow: 0px 10px 90px 0px rgba(110,123,131,0.2);\" data-parallax='{\"y\" : -80, \"smoothness\" : 20}' data-top=\"2%\"><img decoding=\"async\" class=\"parallax-image\" src=\"https:\/\/procinco.ahm-honduras.com\/wp-content\/uploads\/2022\/05\/slide-1-about.jpg\" alt=\"image\"><\/div><\/div><\/div>[\/vc_column_inner][\/vc_row_inner]\r\n\t<div class=\"prelude-spacer clearfix\" data-desktop=\"94\" data-mobi=\"60\" data-smobi=\"60\"><\/div>[\/vc_column][\/vc_row][vc_row full_width=\u00bbstretch_row\u00bb css=\u00bb.vc_custom_1654792974508{background-color: #f7f9fa !important;}\u00bb][vc_column]\r\n\t<div class=\"prelude-spacer clearfix\" data-desktop=\"100\" data-mobi=\"60\" data-smobi=\"60\"><\/div>[vc_row_inner][vc_column_inner width=\u00bb1\/2&#8243;]<div class=\"prelude-content-box clearfix \" data-padding=\"\" data-mobipadding=\"\" data-margin=\"0px 35px 0px 0px\" data-mobimargin=\"0px 0px 0px 0px\" >\r\n\t\t<div class=\"inner ctb-1886705249\" style=\"\"  data-background=\"\">\r\n\t\t\t<div class=\"prelude-simple-image  img-stretch  stretch ctb-68764319\" data-reveal=\"true\" data-reveal-options='{\"direction\":\"rl\",\"bgcolor\":\"#dddddd\"}'  data-stretch-left=-6.5vw>\r\n\t\t\t\t<figure style=\"border-radius:20px;overflow:hidden; box-shadow: 0px 10px 90px 0px rgba(110,123,131,0.1)\"><img decoding=\"async\" alt=\"image\" src=\"https:\/\/procinco.ahm-honduras.com\/wp-content\/uploads\/2026\/02\/AHM-INFOP-CONV.png\" \/> <\/figure>\r\n\t\t\t<\/div>\r\n\t\t<\/div>\r\n\t<\/div>\r\n\t<div class=\"prelude-spacer clearfix\" data-desktop=\"0\" data-mobi=\"40\" data-smobi=\"40\"><\/div>[\/vc_column_inner][vc_column_inner width=\u00bb1\/2&#8243;]\r\n\t<div class=\"prelude-spacer clearfix\" data-desktop=\"60\" data-mobi=\"0\" data-smobi=\"0\"><\/div><div class=\"prelude-headings clearfix \" data-font=42 data-mfont=40 style=\"\"><h2 class=\"heading clearfix \" style=\"font-weight:600;color:#dd9933;max-width:430px;margin-bottom:32px;font-size:42px;\">\r\n\t\tAlianza estrat\u00e9gica\r\n\t<\/h2><\/div>[vc_column_text]<\/p>\n<div style=\"color: #5e5d6c; font-size: 18px; line-height: 27px; font-weight: 600; margin-bottom: 27px;\">PROCINCO, junto con INFOP, ha desarrollado una trayectoria excepcional y reconocida tanto a nivel nacional como internacional.<\/div>\n<div style=\"color: #5e5d6c; font-size: 18px; line-height: 27px;\">El Programa de Capacitaci\u00f3n PROCINCO ha tenido un impacto significativo no solo en los beneficiarios directos sino tambi\u00e9n en las comunidades donde operan las empresas y donde viven sus trabajadores. Asimismo, PROCINCO ha colaborado todos estos a\u00f1os de manera consistente, categ\u00f3rica y trascendental en la sustentabilidad de las empresas afiliadas a la Asociaci\u00f3n Hondure\u00f1a de Fabricantes.<\/div>\n<p>[\/vc_column_text][\/vc_column_inner][\/vc_row_inner]\r\n\t<div class=\"prelude-spacer clearfix\" data-desktop=\"100\" data-mobi=\"60\" data-smobi=\"60\"><\/div><div class=\"prelude-align-box text-center\"><\/div>[\/vc_column][\/vc_row][vc_row full_width=\u00bbstretch_row\u00bb css=\u00bb.vc_custom_1654792678386{background-image: url(\/wp-content\/uploads\/2020\/01\/section-bg1.jpg?id=12484) !important;}\u00bb][vc_column]\r\n\t<div class=\"prelude-spacer clearfix\" data-desktop=\"100\" data-mobi=\"60\" data-smobi=\"60\"><\/div>[vc_row_inner][vc_column_inner width=\u00bb1\/2&#8243;]\r\n\t<div class=\"prelude-spacer clearfix\" data-desktop=\"30\" data-mobi=\"0\" data-smobi=\"0\"><\/div><div class=\"prelude-headings clearfix \" data-font=42 data-mfont=40 style=\"\"><h2 class=\"heading clearfix \" style=\"font-weight:600;color:#dd9933;max-width:500px;margin-bottom:32px;font-size:42px;\">\r\n\t\tEquipo de Alto Desempe\u00f1o\r\n\t<\/h2><\/div>[vc_column_text]<\/p>\n<div>\n<div style=\"color: #5e5d6c; font-size: 18px; line-height: 27px; font-weight: 600; margin-bottom: 27px;\">PROCINCO cuenta con un equipo multidisciplinario de asesores y consultores de alto desempe\u00f1o y con una larga trayectoria y experiencia profesional.<\/div>\n<div style=\"color: #5e5d6c; font-size: 18px; line-height: 27px;\">Este equipo est\u00e1 comprometido y motivado a trabajar diligentemente para atender las necesidades de capacitaci\u00f3n de los clientes a trav\u00e9s de la amplia oferta formativa que se ofrece. Las diversas tem\u00e1ticas permiten apoyar a las empresas en el logro de sus objetivos y asegurar mejores resultados; promoviendo, al mismo tiempo, un cambio de actitud y un mayor rendimiento por parte de los colaboradores.<\/div>\n<div><\/div>\n<\/div>\n<div style=\"color: #5e5d6c; font-size: 18px; line-height: 27px;\">Todos nuestros facilitadores cuentan con experiencia en metodolog\u00eda de ense\u00f1anza y han sido capacitados en la <strong>metodolog\u00eda de Capacitar a los Capacitadores<\/strong>; la cual les ha capacitado para planificar, dise\u00f1ar e impartir eficazmente los diversos cursos.<\/div>\n<p>[\/vc_column_text]\r\n\t<div class=\"prelude-spacer clearfix\" data-desktop=\"0\" data-mobi=\"40\" data-smobi=\"40\"><\/div>\r\n\t<div class=\"prelude-spacer clearfix\" data-desktop=\"0\" data-mobi=\"40\" data-smobi=\"40\"><\/div>[\/vc_column_inner][vc_column_inner width=\u00bb1\/2&#8243;]<div class=\"prelude-content-box clearfix \" data-padding=\"\" data-mobipadding=\"\" data-margin=\"40px 0px 0px 20px\" data-mobimargin=\"0px 0px 0px 0px\" >\r\n\t\t<div class=\"inner ctb-738117439\" style=\"\"  data-background=\"\">\r\n\t\t\t<div class=\"prelude-simple-image  img-stretch  stretch ctb-1705491556\" data-reveal=\"true\" data-reveal-options='{\"direction\":\"rl\",\"bgcolor\":\"#dddddd\"}'  data-stretch-right=-6.5vw>\r\n\t\t\t\t<figure style=\"border-radius:20px;overflow:hidden; box-shadow: 0px 10px 90px 0px rgba(110,123,131,0.1)\"><img decoding=\"async\" alt=\"image\" src=\"https:\/\/procinco.ahm-honduras.com\/wp-content\/uploads\/2024\/09\/Staff-PROCINCO.jpg\" \/> <\/figure>\r\n\t\t\t<\/div>\r\n\t\t<\/div>\r\n\t<\/div>[\/vc_column_inner][\/vc_row_inner]\r\n\t<div class=\"prelude-spacer clearfix\" data-desktop=\"100\" data-mobi=\"60\" data-smobi=\"60\"><\/div><div class=\"prelude-align-box text-center\"><\/div>[\/vc_column][\/vc_row][vc_row css=\u00bb.vc_custom_1654793408998{background-color: #f7f9fa !important;}\u00bb][vc_column]\r\n\t<div class=\"prelude-spacer clearfix\" data-desktop=\"97\" data-mobi=\"60\" data-smobi=\"60\"><\/div><div class=\"prelude-headings clearfix text-center\" data-font=14 style=\"\"><h3 class=\"heading clearfix  accent\" style=\"font-weight:500;letter-spacing:0.25px;margin-bottom:15px;font-size:14px;\">\r\n\t\tDESARROLLO, IMPLEMENTACI\u00d3N Y FORTALECIMIENTO\r\n\t<\/h3><\/div>[vc_column_text]<\/p>\n<h2 style=\"max-width: 800px; text-align: center; font-weight: 600; margin: 0 auto 10px;\">Hacia la mejora continua<\/h2>\n<p>[\/vc_column_text]<div class=\"prelude-headings clearfix text-center\"  style=\"\"><p class=\"sub-heading clearfix\" style=\"font-style:normal;color:#5e5d6c;font-size:18px;line-height:28px;max-width:740px;margin-left: auto; margin-right: auto;\">\r\n\t\tEste programa tiene tres objetivos principales que contribuyen a:\r\n\t<\/p><\/div>\r\n\t<div class=\"prelude-spacer clearfix\" data-desktop=\"83\" data-mobi=\"60\" data-smobi=\"60\"><\/div>[vc_row_inner][vc_column_inner width=\u00bb1\/3&#8243;]<div class=\"prelude-content-box clearfix  wow fadeInUp\" data-padding=\"\" data-mobipadding=\"\" data-margin=\"\" data-mobimargin=\"\"  data-wow-duration=\"0.75s\" data-wow-delay=\"0.3s\">\r\n\t\t<div class=\"inner ctb-2030090805\" style=\"\"  data-background=\"\">\r\n\t\t\t<div class=\"prelude-icon-box clearfix icon-top align-center  link-hover-accent simple\" style=\"\" ><div class=\"wrap-inner\" style=\"position: relative;\"><div class=\"prelude-icon icon-1715208246 icon-font custom accent-bg\"  data-icon=\"#ffffff\">\r\n\t\t\t<span class=\"icon\" style=\"font-size:26px;width:60px;height:60px;border-style:solid;border-radius:30px;line-height:60px;\"><i class=\"fas fa-chart-line\"><\/i><\/span>\r\n\t\t<\/div> <div class=\"content-wrap\"><div class=\"desc\" style=\"line-height:26px;margin-bottom:25px;\"><div style=\"max-width: 300px; text-align: center; margin: 0 auto;\">Apoyar la competitividad de las empresas afiliadas a trav\u00e9s de la implementaci\u00f3n de pr\u00e1cticas relacionadas con los procesos de producci\u00f3n, calidad, mantenimiento y otros.<\/div>\n<\/div><\/div><\/div><\/div><div class=\"prelude-divider divider-center divider-solid\" style=\"width:30px;border-width:5px;border-top-color:#e7e7e7;margin-top:23px;\"><\/div><div class=\"clearfix\"><\/div>\r\n\t\t<\/div>\r\n\t<\/div>[\/vc_column_inner][vc_column_inner width=\u00bb1\/3&#8243;]<div class=\"prelude-content-box clearfix  wow fadeInUp\" data-padding=\"\" data-mobipadding=\"\" data-margin=\"\" data-mobimargin=\"\"  data-wow-duration=\"0.75s\" data-wow-delay=\"0.6s\">\r\n\t\t<div class=\"inner ctb-855386361\" style=\"\"  data-background=\"\">\r\n\t\t\t<div class=\"prelude-icon-box clearfix icon-top align-center  link-hover-accent simple\" style=\"\" ><div class=\"wrap-inner\" style=\"position: relative;\"><div class=\"prelude-icon icon-619370318 icon-font custom accent-bg\"  data-icon=\"#ffffff\">\r\n\t\t\t<span class=\"icon\" style=\"font-size:26px;width:60px;height:60px;border-style:solid;border-radius:30px;line-height:60px;\"><i class=\"fas fa-shield-alt\"><\/i><\/span>\r\n\t\t<\/div> <div class=\"content-wrap\"><div class=\"desc\" style=\"line-height:26px;margin-bottom:25px;\"><div><\/div>\n<div><\/div>\n<div style=\"max-width: 300px; text-align: center; margin: 0 auto;\">Mejorar las condiciones de trabajo de las empresas afiliadas a la AHM espec\u00edficamente en el \u00e1rea de seguridad y salud en el trabajo.<\/div>\n<\/div><\/div><\/div><\/div><div class=\"prelude-divider divider-center divider-solid\" style=\"width:30px;border-width:5px;border-top-color:#e7e7e7;margin-top:23px;\"><\/div><div class=\"clearfix\"><\/div>\r\n\t\t<\/div>\r\n\t<\/div>[\/vc_column_inner][vc_column_inner width=\u00bb1\/3&#8243;]<div class=\"prelude-content-box clearfix  wow fadeInUp\" data-padding=\"\" data-mobipadding=\"\" data-margin=\"\" data-mobimargin=\"\"  data-wow-duration=\"0.75s\" data-wow-delay=\"0.9s\">\r\n\t\t<div class=\"inner ctb-63031632\" style=\"\"  data-background=\"\">\r\n\t\t\t<div class=\"prelude-icon-box clearfix icon-top align-center  link-hover-accent simple\" style=\"\" ><div class=\"wrap-inner\" style=\"position: relative;\"><div class=\"prelude-icon icon-1821664415 icon-font custom accent-bg\"  data-icon=\"#ffffff\">\r\n\t\t\t<span class=\"icon\" style=\"font-size:26px;width:60px;height:60px;border-style:solid;border-radius:30px;line-height:60px;\"><i class=\"fas fa-hands-helping\"><\/i><\/span>\r\n\t\t<\/div> <div class=\"content-wrap\"><div class=\"desc\" style=\"line-height:26px;margin-bottom:25px;\"><div style=\"max-width: 300px; text-align: center; margin: 0 auto;\">Contribuir al fortalecimiento de las relaciones entre empleados y empleadores a trav\u00e9s de programas que conduzcan a un mejor desempe\u00f1o laboral en la empresa.<\/div>\n<\/div><\/div><\/div><\/div><div class=\"prelude-divider divider-center divider-solid\" style=\"width:30px;border-width:5px;border-top-color:#e7e7e7;margin-top:23px;\"><\/div><div class=\"clearfix\"><\/div>\r\n\t\t<\/div>\r\n\t<\/div>[\/vc_column_inner][\/vc_row_inner]\r\n\t<div class=\"prelude-spacer clearfix\" data-desktop=\"100\" data-mobi=\"60\" data-smobi=\"60\"><\/div><div class=\"prelude-align-box text-center\"><div class=\"button-wrap icon-right\" style=\"\" ><a href=\"?page_id=18085\" target=\"_self\" class=\"prelude-button btn-483760890 medium no_icon custom text-accent outline solid outline-accent\" style=\"margin:0px 30px 30px 0px;border-radius:3px;border-width:2px;\"  data-background=\"\" data-text-hover=\"#ffffff\" data-background-hover=\"#39374d\" data-border-hover=\"#39374d\">\r\n\t\t<span style=\"\">Ver Procedimientos <\/span>\r\n\t<\/a><\/div><div class=\"button-wrap icon-right\" style=\"\" ><a href=\"https:\/\/procinco.ahm-honduras.com#modalidades\" target=\"_self\" class=\"prelude-button btn-142130577 medium no_icon custom text-accent outline solid outline-accent\" style=\"margin:0px 30px 30px 0px;border-radius:3px;border-width:2px;\"  data-background=\"\" data-text-hover=\"#ffffff\" data-background-hover=\"#39374d\" data-border-hover=\"#39374d\">\r\n\t\t<span style=\"\">Ver Modalidades <\/span>\r\n\t<\/a><\/div><div class=\"button-wrap icon-right\" style=\"\" ><a href=\"https:\/\/procinco.ahm-honduras.com#componentes\" target=\"_self\" class=\"prelude-button btn-2014393306 medium no_icon custom text-accent outline solid outline-accent\" style=\"border-radius:3px;border-width:2px;\"  data-background=\"\" data-text-hover=\"#ffffff\" data-background-hover=\"#39374d\" data-border-hover=\"#39374d\">\r\n\t\t<span style=\"\">Ver Componentes <\/span>\r\n\t<\/a><\/div><\/div>\r\n\t<div class=\"prelude-spacer clearfix\" data-desktop=\"100\" data-mobi=\"60\" data-smobi=\"60\"><\/div>[\/vc_column][\/vc_row]<\/p>\n<\/div>","protected":false},"excerpt":{"rendered":"<p>[vc_row][vc_column][vc_column_text] Formaci\u00f3n, la herramienta para el desarrollo integral [\/vc_column_text][vc_row_inner][vc_column_inner width=\u00bb1\/2&#8243;][vc_column_text] Independientemente del tipo y naturaleza de una empresa, la formaci\u00f3n es una herramienta fundamental que busca la mejora continua y el desarrollo integral de su personal, tanto a nivel personal como profesional. Con esta visi\u00f3n, en 2001, con los recursos<\/p>\n","protected":false},"author":1,"featured_media":0,"parent":0,"menu_order":0,"comment_status":"closed","ping_status":"closed","template":"","meta":{"footnotes":""},"class_list":["post-1316","page","type-page","status-publish","hentry"],"_links":{"self":[{"href":"https:\/\/procinco.ahm-honduras.com\/index.php?rest_route=\/wp\/v2\/pages\/1316","targetHints":{"allow":["GET"]}}],"collection":[{"href":"https:\/\/procinco.ahm-honduras.com\/index.php?rest_route=\/wp\/v2\/pages"}],"about":[{"href":"https:\/\/procinco.ahm-honduras.com\/index.php?rest_route=\/wp\/v2\/types\/page"}],"author":[{"embeddable":true,"href":"https:\/\/procinco.ahm-honduras.com\/index.php?rest_route=\/wp\/v2\/users\/1"}],"replies":[{"embeddable":true,"href":"https:\/\/procinco.ahm-honduras.com\/index.php?rest_route=%2Fwp%2Fv2%2Fcomments&post=1316"}],"version-history":[{"count":153,"href":"https:\/\/procinco.ahm-honduras.com\/index.php?rest_route=\/wp\/v2\/pages\/1316\/revisions"}],"predecessor-version":[{"id":19386,"href":"https:\/\/procinco.ahm-honduras.com\/index.php?rest_route=\/wp\/v2\/pages\/1316\/revisions\/19386"}],"wp:attachment":[{"href":"https:\/\/procinco.ahm-honduras.com\/index.php?rest_route=%2Fwp%2Fv2%2Fmedia&parent=1316"}],"curies":[{"name":"wp","href":"https:\/\/api.w.org\/{rel}","templated":true}]}}