{"id":17759,"date":"2022-06-01T13:10:36","date_gmt":"2022-06-01T19:10:36","guid":{"rendered":"https:\/\/procinco.ahm-honduras.com-new\/?page_id=17759"},"modified":"2026-02-18T14:08:19","modified_gmt":"2026-02-18T20:08:19","slug":"area-de-legislacion-y-cumplimiento-social","status":"publish","type":"page","link":"https:\/\/procinco.ahm-honduras.com\/?page_id=17759","title":{"rendered":"\u00c1rea de Legislaci\u00f3n y Cumplimiento Social"},"content":{"rendered":"<div class=\"wpb-content-wrapper\"><p>[vc_row css=\u00bb.vc_custom_1654617365803{background-image: url(\/wp-content\/uploads\/2022\/06\/bg-main-6-1.png?id=17939) !important;}\u00bb][vc_column]\r\n\t<div class=\"prelude-spacer clearfix\" data-desktop=\"100\" data-mobi=\"60\" data-smobi=\"60\"><\/div>[vc_row_inner column_inner_spacing=\u00bb70&#8243;][vc_column_inner width=\u00bb1\/2&#8243;]<div class=\"prelude-simple-image  \" data-reveal=\"true\" data-reveal-options='{\"direction\":\"lr\",\"bgcolor\":\"#ffffff\"}' >\r\n\t\t\t\t<figure style=\"border-radius:10px;overflow:hidden;\"><img decoding=\"async\" alt=\"image\" src=\"https:\/\/procinco.ahm-honduras.com\/wp-content\/uploads\/2022\/06\/AHM09764.jpg\" \/> <\/figure>\r\n\t\t\t<\/div>[\/vc_column_inner][vc_column_inner width=\u00bb1\/2&#8243;]\r\n\t<div class=\"prelude-spacer clearfix\" data-desktop=\"15\" data-mobi=\"5\" data-smobi=\"5\"><\/div>[vc_column_text]<\/p>\n<h2 style=\"font-weight: 600; margin-bottom: 26px;\">\u00c1rea de Legislaci\u00f3n<br \/>\n<span style=\"font-weight: 300;\">y Cumplimiento Social<\/span><\/h2>\n<p>[\/vc_column_text][vc_column_text]<\/p>\n<p class=\"area_describtion\"><strong>Esta \u00e1rea prepara a los empleados que dirigen las empresas en temas relacionados con la legislaci\u00f3n laboral nacional, cumplimiento fiscal, cumplimiento de las exigencias de mercado, as\u00ed como aquellos temas relacionados con la Responsabilidad Social Empresarial y otros procesos de \u00edndole social afines a la administraci\u00f3n de los recursos humanos que conlleven al cumplimiento social en las empresas.<\/strong><\/p>\n<p>[\/vc_column_text][\/vc_column_inner][\/vc_row_inner]\r\n\t<div class=\"prelude-spacer clearfix\" data-desktop=\"30\" data-mobi=\"15\" data-smobi=\"15\"><\/div><h2 class=\"prelude-special-text text-left\">\r\n        <span style=\"font-family:;font-size:26px;\">Las modalidades atendidas son:<\/span><span style=\"font-family:;\"><\/span><span style=\"font-family:;\"><\/span>\r\n    <\/h2>[vc_row_inner column_inner_spacing=\u00bb70&#8243;][vc_column_inner width=\u00bb1\/2&#8243;]<div class=\"prelude-icon-box clearfix icon-left align-left  link-hover-accent simple wow fadeInUp\" style=\"\"  data-wow-duration=\"0.75s\" data-wow-delay=\"0.3s\"><div class=\"wrap-inner\" style=\"position: relative;\"><div class=\"prelude-icon icon-1077052145 icon-font custom custom\"  data-icon=\"#7540ee\" data-background=\"\">\r\n\t\t\t<span class=\"icon\" style=\"font-size:22px;border-style:solid;margin-top:4px;\"><i class=\"fas fa-tasks\"><\/i><\/span>\r\n\t\t<\/div> <div class=\"content-wrap\"><h3 class=\"heading \" style=\"padding-left:50px;font-size:22px;padding-top:5px;margin-bottom:17px;\">\r\n\t\t\t<span>Pre auditor\u00edas de cumplimiento In situ:<\/span>\r\n\t\t<\/h3><div class=\"desc\" style=\"padding-left:50px;\"><p><span>Coordinaci\u00f3n de Pre-auditor\u00edas de cumplimiento en las \u00e1reas de Recursos Humanos, Seguridad y Salud Ocupacional, Medio Ambiente, Aduanas, CTPAT, as\u00ed como el cumplimiento de las dem\u00e1s obligaciones legales aplicables a la empresa, con el objetivo de <\/span><span lang=\"ES-TRAD\">identificar oportunidades de mejora y necesidades de capacitaci\u00f3n que contribuyan a implementar o a mejorar un sistema de Gesti\u00f3n del cumplimiento social en nuestras empresas afiliadas.<\/span><\/p>\n<\/div><\/div><\/div><\/div>\r\n\t<div class=\"prelude-spacer clearfix\" data-desktop=\"33\" data-mobi=\"33\" data-smobi=\"33\"><\/div>[\/vc_column_inner][vc_column_inner width=\u00bb1\/2&#8243;]<div class=\"prelude-icon-box clearfix icon-left align-left  link-hover-accent simple wow fadeInUp\" style=\"\"  data-wow-duration=\"0.75s\" data-wow-delay=\"0.3s\"><div class=\"wrap-inner\" style=\"position: relative;\"><div class=\"prelude-icon icon-635483654 icon-font custom custom\"  data-icon=\"#7540ee\" data-background=\"\">\r\n\t\t\t<span class=\"icon\" style=\"font-size:26px;border-style:solid;margin-top:1px;\"><i class=\"elegant-icon_easel_alt\"><\/i><\/span>\r\n\t\t<\/div> <div class=\"content-wrap\"><h3 class=\"heading \" style=\"padding-left:50px;font-size:22px;padding-top:5px;margin-bottom:17px;\">\r\n\t\t\t<span>Programas de Capacitaci\u00f3n:<\/span>\r\n\t\t<\/h3><div class=\"desc\" style=\"padding-left:50px;\"><ul>\n<li>Legislaci\u00f3n Laboral<\/li>\n<li>Legislaci\u00f3n Fiscal<\/li>\n<li>Aduanas<\/li>\n<li>Libertad de Asociaci\u00f3n y Negociaci\u00f3n Colectiva<\/li>\n<li>C\u00f3digos de conducta<\/li>\n<li>Tratados de Libre Comercio<\/li>\n<li>Acoso y Violencia en el lugar de trabajo<\/li>\n<li>Violencia Dom\u00e9stica<\/li>\n<li>Seguridad en la Cadena de Suministros (C-TPAT)<\/li>\n<\/ul>\n<\/div><\/div><\/div><\/div>\r\n\t<div class=\"prelude-spacer clearfix\" data-desktop=\"33\" data-mobi=\"33\" data-smobi=\"33\"><\/div><div class=\"prelude-icon-box clearfix icon-left align-left  link-hover-accent simple wow fadeInUp\" style=\"\"  data-wow-duration=\"0.75s\" data-wow-delay=\"0.6s\"><div class=\"wrap-inner\" style=\"position: relative;\"><div class=\"prelude-icon icon-2027345980 icon-font custom custom\"  data-icon=\"#7540ee\" data-background=\"\">\r\n\t\t\t<span class=\"icon\" style=\"font-size:22px;border-style:solid;margin-top:4px;\"><i class=\"fas fa-users\"><\/i><\/span>\r\n\t\t<\/div> <div class=\"content-wrap\"><h3 class=\"heading \" style=\"padding-left:50px;font-size:22px;padding-top:5px;margin-bottom:17px;\">\r\n\t\t\t<span>Servicio bolsa de empleo:<\/span>\r\n\t\t<\/h3><div class=\"desc\" style=\"padding-left:50px;\"><ul>\n<li>Servicio Pruebas Psicom\u00e9tricas<\/li>\n<li>Vinculaci\u00f3n Laboral<\/li>\n<\/ul>\n<\/div><\/div><\/div><\/div>[\/vc_column_inner][\/vc_row_inner][\/vc_column][\/vc_row][vc_row el_class=\u00bbtablet-responsive-fix\u00bb css=\u00bb.vc_custom_1654618361527{background-image: url(\/wp-content\/uploads\/2022\/06\/home_app2.png?id=17960) !important;}\u00bb][vc_column]\r\n\t<div class=\"prelude-spacer clearfix\" data-desktop=\"50\" data-mobi=\"30\" data-smobi=\"30\"><\/div><h2 class=\"prelude-special-text text-left\">\r\n        <span style=\"font-family:;font-size:26px;\">Cursos Disponibles:<\/span><span style=\"font-family:;\"><\/span><span style=\"font-family:;\"><\/span>\r\n    <\/h2>[vc_row_inner column_inner_spacing=\u00bb70&#8243;][vc_column_inner width=\u00bb1\/2&#8243;]<div style=\"margin:0px 0px 10px 0px;\"><a class=\"prelude-links  link-style-2 dark\" href=\"\/wp-content\/uploads\/2023\/04\/Carta_Descriptiva_Acoso_Psicologico_Laboral.pdf\" >\r\n\t\t\t<span class=\"text\" style=\"\">\u2022 Acoso Psicol\u00f3gico Laboral<\/span>\r\n\t\t<\/a><\/div><div style=\"margin:0px 0px 10px 0px;\"><a class=\"prelude-links  link-style-2 dark\" href=\"\/wp-content\/uploads\/2023\/04\/Carta_Descriptiva_Acoso_Sexual.pdf\" >\r\n\t\t\t<span class=\"text\" style=\"\">\u2022 Acoso Sexual<\/span>\r\n\t\t<\/a><\/div><div style=\"margin:0px 0px 10px 0px;\"><a class=\"prelude-links  link-style-2 dark\" href=\"\/wp-content\/uploads\/2023\/04\/Carta_Descriptiva-Leg.-Laboral-Planillas_Manejo_Lega_Ded_y_Mecanismos_pago.pdf\" >\r\n\t\t\t<span class=\"text\" style=\"\">\u2022 Planillas: Manejo Legal, Deducciones y Mecanismos de Pago<\/span>\r\n\t\t<\/a><\/div><div style=\"margin:0px 0px 10px 0px;\"><a class=\"prelude-links  link-style-2 dark\" href=\"\/wp-content\/uploads\/2023\/04\/Carta_Descriptiva-Contratos_y_Terminacion_de_Contratos.pdf\" >\r\n\t\t\t<span class=\"text\" style=\"\">\u2022 Contratos y Terminaci\u00f3n de Contratos<\/span>\r\n\t\t<\/a><\/div><div style=\"margin:0px 0px 10px 0px;\"><a class=\"prelude-links  link-style-2 dark\" href=\"\/wp-content\/uploads\/2023\/04\/Carta_Descriptiva-Legislacion-Laboral-Jornadas_Descansos_y_Salarios.pdf\" >\r\n\t\t\t<span class=\"text\" style=\"\">\u2022 Jornadas, Descansos y Salarios<\/span>\r\n\t\t<\/a><\/div><div style=\"margin:0px 0px 10px 0px;\"><a class=\"prelude-links  link-style-2 dark\" href=\"\/wp-content\/uploads\/2023\/04\/Carta_Descriptiva-Legislacion-Laboral-Politicas_y_Regimen_Disciplinario.pdf\" >\r\n\t\t\t<span class=\"text\" style=\"\">\u2022 Pol\u00edticas y R\u00e9gimen Disciplinario<\/span>\r\n\t\t<\/a><\/div>[\/vc_column_inner][vc_column_inner width=\u00bb1\/2&#8243;]<div style=\"margin:0px 0px 10px 0px;\"><a class=\"prelude-links  link-style-2 dark\" href=\"\/wp-content\/uploads\/2023\/04\/Carta_Descriptiva-Legislacion-Laboral-Riesgos_Profesionales_e_Incapacidades.pdf\" >\r\n\t\t\t<span class=\"text\" style=\"\">\u2022 Riesgos Profesionales e Incapacidades del IHSS<\/span>\r\n\t\t<\/a><\/div><div style=\"margin:0px 0px 10px 0px;\"><a class=\"prelude-links  link-style-2 dark\" href=\"\/wp-content\/uploads\/2023\/04\/Carta_Descriptiva-Libertad_de_Asociacion_y_Negociacion_Colectiva.pdf\" >\r\n\t\t\t<span class=\"text\" style=\"\">\u2022 Libertad de Asociaci\u00f3n y Negociaci\u00f3n Colectiva<\/span>\r\n\t\t<\/a><\/div><div style=\"margin:0px 0px 10px 0px;\"><a class=\"prelude-links  link-style-2 dark\" href=\"\/wp-content\/uploads\/2023\/04\/Carta_Descriptiva-Requerimientos_para_la_certificacion_CTPAT.pdf\" >\r\n\t\t\t<span class=\"text\" style=\"\">\u2022 Requerimientos Para La Certificaci\u00f3n C-TPAT<\/span>\r\n\t\t<\/a><\/div><div style=\"margin:0px 0px 10px 0px;\"><a class=\"prelude-links  link-style-2 dark\" href=\"\/wp-content\/uploads\/2023\/04\/Carta_Descriptiva-_Introduccio\u0301n_al_Programa_de_Cumplimiento_Social_WRAP.pdf\" >\r\n\t\t\t<span class=\"text\" style=\"\">\u2022 Introducci\u00f3n al Programa de Cumplimiento Social WRAP<\/span>\r\n\t\t<\/a><\/div><div style=\"margin:0px 0px 10px 0px;\"><a class=\"prelude-links  link-style-2 dark\" href=\"\/wp-content\/uploads\/2023\/04\/Carta_Descriptiva-_Violencia_Domestica.pdf\" >\r\n\t\t\t<span class=\"text\" style=\"\">\u2022 Violencia Domestica<\/span>\r\n\t\t<\/a><\/div>[\/vc_column_inner][\/vc_row_inner]\r\n\t<div class=\"prelude-spacer clearfix\" data-desktop=\"60\" data-mobi=\"20\" data-smobi=\"20\"><\/div>[vc_row_inner][vc_column_inner width=\u00bb2\/3&#8243;]<div class=\"prelude-content-box clearfix  wow fadeInLeft\" data-padding=\"\" data-mobipadding=\"0px 30px 0px 30px\" data-margin=\"0 0 0 0\" data-mobimargin=\"0 0 0 0\"  data-wow-duration=\"0.75s\" data-wow-delay=\"0.3s\">\r\n\t\t<div class=\"inner ctb-75755015\" style=\"background:url(https:\/\/procinco.ahm-honduras.com\/wp-content\/uploads\/2019\/12\/action-box-bg.jpg) left top no-repeat;background-size:cover;\"  data-background=\"\" data-rounded=\"7px\">\r\n\t\t\t\r\n\t<div class=\"prelude-spacer clearfix\" data-desktop=\"96\" data-mobi=\"60\" data-smobi=\"60\"><\/div><div class=\"prelude-headings clearfix text-center\" data-font=14 style=\"\"><h3 class=\"heading clearfix \" style=\"font-weight:500;color:#ffffff;letter-spacing:0.25px;margin-bottom:5px;font-size:14px;\">\r\n\t\tDESCRUBRE COMO PROCINCO PUEDE IMPACTAR EN EL DESARROLLO DE TU EMPRESA\r\n\t<\/h3><\/div>[vc_column_text]<\/p>\n<h2 class=\"text-white\" style=\"max-width: 600px; margin: 0 auto; text-align: center; font-weight: 600;\">Cont\u00e1ctanos y programa <span style=\"font-weight: 300;\">tu pr\u00f3xima capacitaci\u00f3n<\/span><\/h2>\n<p>[\/vc_column_text]\r\n\t<div class=\"prelude-spacer clearfix\" data-desktop=\"30\" data-mobi=\"30\" data-smobi=\"30\"><\/div><div class=\"prelude-align-box text-center\"><div class=\"button-wrap icon-right\" style=\"\" ><a href=\"mailto:servicioslaborales@procinco.ahm-honduras.com\" target=\"_self\" class=\"prelude-button btn-1589273334 medium no_icon accent custom\" style=\"border-radius:3px;\"  data-text=\"#ffffff\" data-text-hover=\"#ffffff\" data-background-hover=\"#39374d\">\r\n\t\t<span style=\"\">servicioslaborales@procinco.ahm-honduras.com <\/span>\r\n\t<\/a><\/div><\/div>\r\n\t<div class=\"prelude-spacer clearfix\" data-desktop=\"100\" data-mobi=\"60\" data-smobi=\"60\"><\/div>\r\n\t\t<\/div>\r\n\t<\/div>[\/vc_column_inner][vc_column_inner width=\u00bb1\/3&#8243;]<div class=\"prelude-content-box clearfix  wow fadeInRight\" data-padding=\"20px 20px 20px 20px\" data-mobipadding=\"10px 10px 10px 10px\" data-margin=\"10px 90px 10px 0px\" data-mobimargin=\"\"  data-wow-duration=\"0.75s\" data-wow-delay=\"0.3s\">\r\n\t\t<div class=\"inner ctb-162673632\" style=\"background:url(https:\/\/procinco.ahm-honduras.com\/wp-content\/uploads\/2022\/06\/bg-11.png) center center repeat;background-size:cover;\"  data-background=\"\" data-rounded=\"7px\">\r\n\t\t\t\n<div class=\"prelude-team-grid text-center col-1\" style=\"margin:-20px -15px;\">\n\t<div class=\"team-wrap clearfix\">\n    <div class=\"team-row clearfix\" style=\"padding:20px 0;\">    \t<div class=\"member-item clearfix\" style=\"padding:0 15px;\">\n    \t\t<div class=\"inner\">\n    \t\t\t\n\t                \t\t\t\t<div class=\"thumb\">\n\t    \t\t\t\t<img decoding=\"async\" width=\"500\" height=\"500\" src=\"https:\/\/procinco.ahm-honduras.com\/wp-content\/uploads\/2022\/05\/Lidia-1.jpg\" class=\"attachment-full size-full wp-post-image\" alt=\"\" srcset=\"https:\/\/procinco.ahm-honduras.com\/wp-content\/uploads\/2022\/05\/Lidia-1.jpg 500w, https:\/\/procinco.ahm-honduras.com\/wp-content\/uploads\/2022\/05\/Lidia-1-300x300.jpg 300w, https:\/\/procinco.ahm-honduras.com\/wp-content\/uploads\/2022\/05\/Lidia-1-150x150.jpg 150w, https:\/\/procinco.ahm-honduras.com\/wp-content\/uploads\/2022\/05\/Lidia-1-370x370.jpg 370w, https:\/\/procinco.ahm-honduras.com\/wp-content\/uploads\/2022\/05\/Lidia-1-140x140.jpg 140w\" sizes=\"(max-width: 500px) 100vw, 500px\" \/>    \t\t\t\t<\/div><!-- \/.thumb -->\n         \t\t\n             \t             \t\t<div class=\"text-wrap\">\n\t\t\t\t        \t\t\t\t        \t<h4 class=\"name\" style=\"\">\n\t\t\t\t        \tLidia Gir\u00f3n<\/h4>\n\t\t\t\t        \n\t\t\t\t        \t\t\t\t        \t<h5 class=\"position\" style=\"\">\n\t\t\t\t        \t\u00c1rea de Legislaci\u00f3n y Cumplimiento Social\r\n\r\n<\/h5>\n\t\t\t\t        \n\t\t\t\t        \n\t\t\t\t        <ul class=\"socials clearfix\"><li class=\"facebook\"><a target=\"_blank\" href=\"mailto:servicioslaborales@ahm-honduras.com\"><i class=\"fa fa-envelope\"><\/i><\/a><\/li><li class=\"google-plus\"><a target=\"_blank\" href=\"tel:504%202516-9100;137\"><i class=\"fa fa-phone\"><\/i><\/a><\/li><\/ul>\t\t\t        <\/div>\n\t\t            \t\t<\/div><!-- \/.inner -->\n        <\/div><!-- \/.member-item -->\n\t\t<\/div>\t\t\t<\/div><!-- \/.team-wrap -->\n<\/div><!-- \/.prelude-team-grid -->\n\n\r\n\t\t<\/div>\r\n\t<\/div>[\/vc_column_inner][\/vc_row_inner]\r\n\t<div class=\"prelude-spacer clearfix\" data-desktop=\"100\" data-mobi=\"60\" data-smobi=\"60\"><\/div>[\/vc_column][\/vc_row]<\/p>\n<\/div>","protected":false},"excerpt":{"rendered":"<p>[vc_row css=\u00bb.vc_custom_1654617365803{background-image: url(\/wp-content\/uploads\/2022\/06\/bg-main-6-1.png?id=17939) !important;}\u00bb][vc_column][vc_row_inner column_inner_spacing=\u00bb70&#8243;][vc_column_inner width=\u00bb1\/2&#8243;][\/vc_column_inner][vc_column_inner width=\u00bb1\/2&#8243;][vc_column_text] \u00c1rea de Legislaci\u00f3n y Cumplimiento Social [\/vc_column_text][vc_column_text] Esta \u00e1rea prepara a los empleados que dirigen las empresas en temas relacionados con la legislaci\u00f3n laboral nacional, cumplimiento fiscal, cumplimiento de las exigencias de mercado, as\u00ed como aquellos temas relacionados con la Responsabilidad Social Empresarial<\/p>\n","protected":false},"author":1,"featured_media":0,"parent":0,"menu_order":0,"comment_status":"closed","ping_status":"closed","template":"","meta":{"footnotes":""},"class_list":["post-17759","page","type-page","status-publish","hentry"],"_links":{"self":[{"href":"https:\/\/procinco.ahm-honduras.com\/index.php?rest_route=\/wp\/v2\/pages\/17759","targetHints":{"allow":["GET"]}}],"collection":[{"href":"https:\/\/procinco.ahm-honduras.com\/index.php?rest_route=\/wp\/v2\/pages"}],"about":[{"href":"https:\/\/procinco.ahm-honduras.com\/index.php?rest_route=\/wp\/v2\/types\/page"}],"author":[{"embeddable":true,"href":"https:\/\/procinco.ahm-honduras.com\/index.php?rest_route=\/wp\/v2\/users\/1"}],"replies":[{"embeddable":true,"href":"https:\/\/procinco.ahm-honduras.com\/index.php?rest_route=%2Fwp%2Fv2%2Fcomments&post=17759"}],"version-history":[{"count":42,"href":"https:\/\/procinco.ahm-honduras.com\/index.php?rest_route=\/wp\/v2\/pages\/17759\/revisions"}],"predecessor-version":[{"id":19384,"href":"https:\/\/procinco.ahm-honduras.com\/index.php?rest_route=\/wp\/v2\/pages\/17759\/revisions\/19384"}],"wp:attachment":[{"href":"https:\/\/procinco.ahm-honduras.com\/index.php?rest_route=%2Fwp%2Fv2%2Fmedia&parent=17759"}],"curies":[{"name":"wp","href":"https:\/\/api.w.org\/{rel}","templated":true}]}}