{"id":17793,"date":"2022-06-01T13:34:10","date_gmt":"2022-06-01T19:34:10","guid":{"rendered":"https:\/\/procinco.ahm-honduras.com-new\/?page_id=17793"},"modified":"2026-02-18T14:00:28","modified_gmt":"2026-02-18T20:00:28","slug":"emprendimiento","status":"publish","type":"page","link":"https:\/\/procinco.ahm-honduras.com\/?page_id=17793","title":{"rendered":"Emprendimiento"},"content":{"rendered":"<div class=\"wpb-content-wrapper\"><p>[vc_row][vc_column]\r\n\t<div class=\"prelude-spacer clearfix\" data-desktop=\"100\" data-mobi=\"60\" data-smobi=\"60\"><\/div>[vc_row_inner column_inner_spacing=\u00bb70&#8243;][vc_column_inner width=\u00bb1\/2&#8243;]<div class=\"prelude-simple-image  \" data-reveal=\"true\" data-reveal-options='{\"direction\":\"lr\",\"bgcolor\":\"#ffffff\"}' >\r\n\t\t\t\t<figure style=\"border-radius:10px;overflow:hidden;\"><img decoding=\"async\" alt=\"image\" src=\"https:\/\/procinco.ahm-honduras.com\/wp-content\/uploads\/2022\/06\/AHM09948.jpg\" \/> <\/figure>\r\n\t\t\t<\/div>[\/vc_column_inner][vc_column_inner width=\u00bb1\/2&#8243;]\r\n\t<div class=\"prelude-spacer clearfix\" data-desktop=\"50\" data-mobi=\"30\" data-smobi=\"30\"><\/div>[vc_column_text]<\/p>\n<h2 style=\"font-weight: 600; margin-bottom: 26px;\">Componente de<br \/>\n<span style=\"font-weight: 300;\">Emprendimiento<\/span><\/h2>\n<p>[\/vc_column_text][vc_column_text]<\/p>\n<p class=\"area_describtion\"><strong>El componente de emprendimiento de la Asociaci\u00f3n Hondure\u00f1a de Maquiladores es un espacio que promueve la generaci\u00f3n de oportunidades e ingresos a trav\u00e9s de la procreaci\u00f3n de ideas de negocios y la puesta en marcha de emprendimientos de\u00a0 diversos tipos.<\/strong><\/p>\n<p>[\/vc_column_text][\/vc_column_inner][\/vc_row_inner]\r\n\t<div class=\"prelude-spacer clearfix\" data-desktop=\"30\" data-mobi=\"15\" data-smobi=\"15\"><\/div>[\/vc_column][\/vc_row][vc_row][vc_column]\r\n\t<div class=\"prelude-spacer clearfix\" data-desktop=\"50\" data-mobi=\"30\" data-smobi=\"30\"><\/div><h2 class=\"prelude-special-text text-left\">\r\n        <span style=\"font-family:;font-size:26px;\">Programa de Emprendimiento:<\/span><span style=\"font-family:;\"><\/span><span style=\"font-family:;\"><\/span>\r\n    <\/h2>[vc_column_text]<\/p>\n<p class=\"area_describtion\">El programa \u201cHoy Emprendo\u201d busca fortalecer las habilidades emprendedoras de los beneficiarios a trav\u00e9s de una serie de cursos que se brindan por etapas, ademas de cursos de seguimiento y asistencias t\u00e9cnicas empresariales:<\/p>\n<p>[\/vc_column_text]\r\n\t<div class=\"prelude-spacer clearfix\" data-desktop=\"30\" data-mobi=\"15\" data-smobi=\"15\"><\/div>[vc_row_inner column_inner_spacing=\u00bb70&#8243;][vc_column_inner width=\u00bb1\/2&#8243;]<div class=\"prelude-icon-box clearfix icon-left align-left  link-hover-accent simple wow fadeInUp\" style=\"\"  data-wow-duration=\"0.75s\" data-wow-delay=\"0.3s\"><div class=\"wrap-inner\" style=\"position: relative;\"><div class=\"prelude-icon icon-1840331750 icon-font custom custom\"  data-icon=\"#7540ee\" data-background=\"\">\r\n\t\t\t<span class=\"icon\" style=\"font-size:22px;border-style:solid;margin-top:4px;\"><i class=\"fas fa-tasks\"><\/i><\/span>\r\n\t\t<\/div> <div class=\"content-wrap\"><h3 class=\"heading \" style=\"padding-left:50px;font-size:22px;padding-top:5px;margin-bottom:17px;\">\r\n\t\t\t<span>Etapas Programa Hoy Emprendo:<\/span>\r\n\t\t<\/h3><div class=\"desc\" style=\"padding-left:50px;\"><p><strong><span>Etapa 1 <\/span><\/strong><strong>\u201cGenerando mi idea de Negocio\u201d<\/strong><\/p>\n<ul>\n<li><span> T\u00e9cnicas para Promover la Creatividad Emprendedora<\/span><\/li>\n<li><span> Introducci\u00f3n al Modelo de Negocios CANVAS<\/span><\/li>\n<li><span> Desaf\u00edos de los Emprededores Catrachos<\/span><\/li>\n<li><span> Generaci\u00f3n de Ideas de Negocios<\/span><strong style=\"font-size: 1rem;\">\u00a0<\/strong><\/li>\n<\/ul>\n<p><strong><span>Etapa 2 <\/span><\/strong><strong>\u201cYo Emprendo\u201d<\/strong><\/p>\n<ul>\n<li><span> Validaci\u00f3n de Ideas de Negocios<\/span><\/li>\n<li><span> Modelo de Negocio CANVAS<\/span><\/li>\n<li><span> Dise\u00f1os de los Planes de Negocio<\/span><\/li>\n<li><span> Enfoque Empresarial Efectivo<\/span><\/li>\n<\/ul>\n<p><strong><span>Etapa 3 <\/span><\/strong><strong>\u201cMi Negocio Crece\u201d<\/strong><\/p>\n<ul>\n<li><span> Emprendimiento y Empresarialidad<\/span><\/li>\n<li><span> Costos Empresariales<\/span><\/li>\n<li><span> Mercadeo y Comercializaci\u00f3n de Bienes y Servicios <\/span><\/li>\n<li><span> Principios Corporativos y Organizaci\u00f3n Empresarial<\/span><\/li>\n<\/ul>\n<\/div><\/div><\/div><\/div>\r\n\t<div class=\"prelude-spacer clearfix\" data-desktop=\"33\" data-mobi=\"33\" data-smobi=\"33\"><\/div>[\/vc_column_inner][vc_column_inner width=\u00bb1\/2&#8243;]<div class=\"prelude-icon-box clearfix icon-left align-left  link-hover-accent simple wow fadeInUp\" style=\"\"  data-wow-duration=\"0.75s\" data-wow-delay=\"0.3s\"><div class=\"wrap-inner\" style=\"position: relative;\"><div class=\"prelude-icon icon-1043462523 icon-font custom custom\"  data-icon=\"#7540ee\" data-background=\"\">\r\n\t\t\t<span class=\"icon\" style=\"font-size:26px;border-style:solid;margin-top:1px;\"><i class=\"elegant-icon_easel_alt\"><\/i><\/span>\r\n\t\t<\/div> <div class=\"content-wrap\"><h3 class=\"heading \" style=\"padding-left:50px;font-size:22px;padding-top:5px;margin-bottom:17px;\">\r\n\t\t\t<span>Cursos Adicionales de Seguimiento:<\/span>\r\n\t\t<\/h3><div class=\"desc\" style=\"padding-left:50px;\"><ul>\n<li><span> Branding para Emprendedores<\/span><\/li>\n<li><span> Cultura de Excelencia en el Servicio al Cliente<\/span><\/li>\n<li><span> Desarrollo de Clientes en mi Emprendimiento.<\/span><\/li>\n<li><span> El ABC del Emprendimiento Innovador<\/span><\/li>\n<li><span> Mi Familia Emprende<\/span><strong><span><\/span><\/strong><span><\/span><\/li>\n<\/ul>\n<\/div><\/div><\/div><\/div>\r\n\t<div class=\"prelude-spacer clearfix\" data-desktop=\"33\" data-mobi=\"33\" data-smobi=\"33\"><\/div><div class=\"prelude-icon-box clearfix icon-left align-left  link-hover-accent simple wow fadeInUp\" style=\"\"  data-wow-duration=\"0.75s\" data-wow-delay=\"0.6s\"><div class=\"wrap-inner\" style=\"position: relative;\"><div class=\"prelude-icon icon-1355373486 icon-font custom custom\"  data-icon=\"#7540ee\" data-background=\"\">\r\n\t\t\t<span class=\"icon\" style=\"font-size:22px;border-style:solid;margin-top:4px;\"><i class=\"fas fa-users\"><\/i><\/span>\r\n\t\t<\/div> <div class=\"content-wrap\"><h3 class=\"heading \" style=\"padding-left:50px;font-size:22px;padding-top:5px;margin-bottom:17px;\">\r\n\t\t\t<span>Asistencia T\u00e9cnica Empresarial:<\/span>\r\n\t\t<\/h3><div class=\"desc\" style=\"padding-left:50px;\"><ul>\n<li>Gestio\u0301n Empresarial Efectiva para Mipymes<\/li>\n<li>Comercio Electro\u0301nico y Medios de Pago.<\/li>\n<li>Contabilidad y Finanzas Pra\u0301cticas para Emprendedores.<\/li>\n<\/ul>\n<\/div><\/div><\/div><\/div>[\/vc_column_inner][\/vc_row_inner][\/vc_column][\/vc_row][vc_row css=\u00bb.vc_custom_1654619296669{background-image: url(\/wp-content\/uploads\/2022\/06\/home_app2.png?id=17960) !important;}\u00bb][vc_column]\r\n\t<div class=\"prelude-spacer clearfix\" data-desktop=\"50\" data-mobi=\"30\" data-smobi=\"30\"><\/div><h2 class=\"prelude-special-text text-left\">\r\n        <span style=\"font-family:;font-size:26px;\">Cursos Disponibles:<\/span><span style=\"font-family:;\"><\/span><span style=\"font-family:;\"><\/span>\r\n    <\/h2>\r\n\t<div class=\"prelude-spacer clearfix\" data-desktop=\"5\" data-mobi=\"5\" data-smobi=\"5\"><\/div>[vc_row_inner column_inner_spacing=\u00bb70&#8243;][vc_column_inner width=\u00bb1\/2&#8243;]<div style=\"margin:0px 0px 10px 0px;\"><a class=\"prelude-links  link-style-2 dark\" href=\"\/wp-content\/uploads\/2023\/04\/Branding_para_Emprendedores.pdf\" >\r\n\t\t\t<span class=\"text\" style=\"\">\u2022 Branding para Emprendedores<\/span>\r\n\t\t<\/a><\/div><div style=\"margin:0px 0px 10px 0px;\"><a class=\"prelude-links  link-style-2 dark\" href=\"\/wp-content\/uploads\/2023\/04\/Contabilidad_y_Finanzas_Pra\u0301cticas_para_Emprendedores.pdf\" >\r\n\t\t\t<span class=\"text\" style=\"\">\u2022 Contabilidad y Finanzas Pra\u0301cticas para Emprendedores.<\/span>\r\n\t\t<\/a><\/div><div style=\"margin:0px 0px 10px 0px;\"><a class=\"prelude-links  link-style-2 dark\" href=\"\/wp-content\/uploads\/2023\/04\/Cultura_de_Excelencia_en_el_Servicio_al_Cliente.pdf\" >\r\n\t\t\t<span class=\"text\" style=\"\">\u2022 Cultura de Excelencia en el Servicio al Cliente<\/span>\r\n\t\t<\/a><\/div><div style=\"margin:0px 0px 10px 0px;\"><a class=\"prelude-links  link-style-2 dark\" href=\"\/wp-content\/uploads\/2023\/04\/Comercio_Electro\u0301nico_y_Medios_de_Pago.pdf\" >\r\n\t\t\t<span class=\"text\" style=\"\">\u2022 Comercio Electro\u0301nico y Medios de Pago.<\/span>\r\n\t\t<\/a><\/div><div style=\"margin:0px 0px 10px 0px;\"><a class=\"prelude-links  link-style-2 dark\" href=\"\/wp-content\/uploads\/2023\/04\/Costos_Empresariales.pdf\" >\r\n\t\t\t<span class=\"text\" style=\"\">\u2022 Costos Empresariales<\/span>\r\n\t\t<\/a><\/div><div style=\"margin:0px 0px 10px 0px;\"><a class=\"prelude-links  link-style-2 dark\" href=\"\/wp-content\/uploads\/2023\/04\/Desarrollo_-de_Clientes_en_mi_Emprendimiento.pdf\" >\r\n\t\t\t<span class=\"text\" style=\"\">\u2022 Desarrollo de Clientes en mi Emprendimiento.<\/span>\r\n\t\t<\/a><\/div><div style=\"margin:0px 0px 10px 0px;\"><a class=\"prelude-links  link-style-2 dark\" href=\"\/wp-content\/uploads\/2023\/04\/Desafi\u0301os_de_los_Emprendedores_Catrachos.pdf\" >\r\n\t\t\t<span class=\"text\" style=\"\">\u2022 Desaf\u00edos de los Emprededores Catrachos <\/span>\r\n\t\t<\/a><\/div><div style=\"margin:0px 0px 10px 0px;\"><a class=\"prelude-links  link-style-2 dark\" href=\"\/wp-content\/uploads\/2023\/04\/Disen\u0303o_de_Planes_de_Negocios.pdf\" >\r\n\t\t\t<span class=\"text\" style=\"\">\u2022 Dise\u00f1os de los Planes de Negocio<\/span>\r\n\t\t<\/a><\/div><div style=\"margin:0px 0px 10px 0px;\"><a class=\"prelude-links  link-style-2 dark\" href=\"\/wp-content\/uploads\/2023\/04\/Enfoque_Empresarial_Efectivo.pdf\" >\r\n\t\t\t<span class=\"text\" style=\"\">\u2022 Enfoque Empresarial Efectivo<\/span>\r\n\t\t<\/a><\/div><div style=\"margin:0px 0px 10px 0px;\"><a class=\"prelude-links  link-style-2 dark\" href=\"\/wp-content\/uploads\/2023\/04\/Emprendimiento_y_Empresarialidad.pdf\" >\r\n\t\t\t<span class=\"text\" style=\"\">\u2022 Emprendimiento y Empresarialidad<\/span>\r\n\t\t<\/a><\/div>[\/vc_column_inner][vc_column_inner width=\u00bb1\/2&#8243;]<div style=\"margin:0px 0px 10px 0px;\"><a class=\"prelude-links  link-style-2 dark\" href=\"\/wp-content\/uploads\/2023\/04\/El_ABC_de_Emprendimiento_Innovador.pdf\" >\r\n\t\t\t<span class=\"text\" style=\"\">\u2022 El ABC del Emprendimiento Innovador<\/span>\r\n\t\t<\/a><\/div><div style=\"margin:0px 0px 10px 0px;\"><a class=\"prelude-links  link-style-2 dark\" href=\"\/wp-content\/uploads\/2023\/04\/Gestio\u0301n_Empresarial_Efectiva_para_Mipymes.pdf\" >\r\n\t\t\t<span class=\"text\" style=\"\">\u2022 Gestio\u0301n Empresarial Efectiva para Mipymes<\/span>\r\n\t\t<\/a><\/div><div style=\"margin:0px 0px 10px 0px;\"><a class=\"prelude-links  link-style-2 dark\" href=\"\/wp-content\/uploads\/2023\/04\/Generacio\u0301n_de_Ideas_de_Negocios.pdf\" >\r\n\t\t\t<span class=\"text\" style=\"\">\u2022 Generaci\u00f3n de Ideas de Negocios<\/span>\r\n\t\t<\/a><\/div><div style=\"margin:0px 0px 10px 0px;\"><a class=\"prelude-links  link-style-2 dark\" href=\"\/wp-content\/uploads\/2023\/04\/Introduccio\u0301n_al_Modelo_de_Negocios_CANVAS.pdf\" >\r\n\t\t\t<span class=\"text\" style=\"\">\u2022 Introducci\u00f3n al Modelo de Negocios CANVAS <\/span>\r\n\t\t<\/a><\/div><div style=\"margin:0px 0px 10px 0px;\"><a class=\"prelude-links  link-style-2 dark\" href=\"\/wp-content\/uploads\/2023\/04\/Mercadeo_y_Comercializacio\u0301n_de_Bienes_y_Servicios.pdf\" >\r\n\t\t\t<span class=\"text\" style=\"\">\u2022 Mercadeo y Comercializaci\u00f3n<\/span>\r\n\t\t<\/a><\/div><div style=\"margin:0px 0px 10px 0px;\"><a class=\"prelude-links  link-style-2 dark\" href=\"\/wp-content\/uploads\/2023\/04\/Mi_Familia_Emprende.pdf\" >\r\n\t\t\t<span class=\"text\" style=\"\">\u2022 Mi Familia Emprende<\/span>\r\n\t\t<\/a><\/div><div style=\"margin:0px 0px 10px 0px;\"><a class=\"prelude-links  link-style-2 dark\" href=\"\/wp-content\/uploads\/2023\/04\/Modelo_de_Negocios_CANVAS.pdf\" >\r\n\t\t\t<span class=\"text\" style=\"\">\u2022 Modelo de Negocio CANVAS<\/span>\r\n\t\t<\/a><\/div><div style=\"margin:0px 0px 10px 0px;\"><a class=\"prelude-links  link-style-2 dark\" href=\"\/wp-content\/uploads\/2023\/04\/Principios_Corporativos_y_Organizacio\u0301n_Empresarial.pdf\" >\r\n\t\t\t<span class=\"text\" style=\"\">\u2022 Principios Corporativos y Organizaci\u00f3n Empresarial<\/span>\r\n\t\t<\/a><\/div><div style=\"margin:0px 0px 10px 0px;\"><a class=\"prelude-links  link-style-2 dark\" href=\"\/wp-content\/uploads\/2023\/04\/Te\u0301cnicas_para_Promover_la_Creatividad_Emprendedora.pdf\" >\r\n\t\t\t<span class=\"text\" style=\"\">\u2022 T\u00e9cnicas para Promover la Creatividad Emprendedora <\/span>\r\n\t\t<\/a><\/div><div style=\"margin:0px 0px 10px 0px;\"><a class=\"prelude-links  link-style-2 dark\" href=\"\/wp-content\/uploads\/2023\/04\/Validacio\u0301n_de_Ideas_de_Negocios.pdf\" >\r\n\t\t\t<span class=\"text\" style=\"\">\u2022 Validaci\u00f3n de Ideas de Negocios <\/span>\r\n\t\t<\/a><\/div>[\/vc_column_inner][\/vc_row_inner]\r\n\t<div class=\"prelude-spacer clearfix\" data-desktop=\"60\" data-mobi=\"20\" data-smobi=\"20\"><\/div>[vc_row_inner][vc_column_inner width=\u00bb2\/3&#8243;]<div class=\"prelude-content-box clearfix  wow fadeInLeft\" data-padding=\"\" data-mobipadding=\"0px 30px 0px 30px\" data-margin=\"0 0 0 0\" data-mobimargin=\"0 0 0 0\"  data-wow-duration=\"0.75s\" data-wow-delay=\"0.3s\">\r\n\t\t<div class=\"inner ctb-1623092214\" style=\"background:url(https:\/\/procinco.ahm-honduras.com\/wp-content\/uploads\/2019\/12\/action-box-bg.jpg) left top no-repeat;background-size:cover;\"  data-background=\"\" data-rounded=\"7px\">\r\n\t\t\t\r\n\t<div class=\"prelude-spacer clearfix\" data-desktop=\"96\" data-mobi=\"60\" data-smobi=\"60\"><\/div><div class=\"prelude-headings clearfix text-center\" data-font=14 style=\"\"><h3 class=\"heading clearfix \" style=\"font-weight:500;color:#ffffff;letter-spacing:0.25px;margin-bottom:5px;font-size:14px;\">\r\n\t\tDESCRUBRE COMO PROCINCO PUEDE IMPACTAR EN EL DESARROLLO DE TU EMPRESA\r\n\t<\/h3><\/div>[vc_column_text]<\/p>\n<h2 class=\"text-white\" style=\"max-width: 600px; margin: 0 auto; text-align: center; font-weight: 600;\">Cont\u00e1ctanos y programa <span style=\"font-weight: 300;\">tu pr\u00f3xima capacitaci\u00f3n<\/span><\/h2>\n<p>[\/vc_column_text]\r\n\t<div class=\"prelude-spacer clearfix\" data-desktop=\"30\" data-mobi=\"30\" data-smobi=\"30\"><\/div><div class=\"prelude-align-box text-center\"><div class=\"button-wrap icon-right\" style=\"\" ><a href=\"mailto:emprendimiento@procinco.ahm-honduras.com\" target=\"_self\" class=\"prelude-button btn-750507306 medium no_icon accent custom\" style=\"border-radius:3px;\"  data-text=\"#ffffff\" data-text-hover=\"#ffffff\" data-background-hover=\"#39374d\">\r\n\t\t<span style=\"\">emprendimiento@procinco.ahm-honduras.com <\/span>\r\n\t<\/a><\/div><\/div>\r\n\t<div class=\"prelude-spacer clearfix\" data-desktop=\"100\" data-mobi=\"60\" data-smobi=\"60\"><\/div>\r\n\t\t<\/div>\r\n\t<\/div>[\/vc_column_inner][vc_column_inner width=\u00bb1\/3&#8243;]<div class=\"prelude-content-box clearfix  wow fadeInRight\" data-padding=\"20px 20px 20px 20px\" data-mobipadding=\"10px 10px 10px 10px\" data-margin=\"10px 90px 10px 0px\" data-mobimargin=\"\"  data-wow-duration=\"0.75s\" data-wow-delay=\"0.3s\">\r\n\t\t<div class=\"inner ctb-1316304281\" style=\"background:url(https:\/\/procinco.ahm-honduras.com\/wp-content\/uploads\/2022\/06\/bg-11.png) center center repeat;background-size:cover;\"  data-background=\"\" data-rounded=\"7px\">\r\n\t\t\t\n<div class=\"prelude-team-grid text-center col-1\" style=\"margin:-20px -15px;\">\n\t<div class=\"team-wrap clearfix\">\n    <div class=\"team-row clearfix\" style=\"padding:20px 0;\">    \t<div class=\"member-item clearfix\" style=\"padding:0 15px;\">\n    \t\t<div class=\"inner\">\n    \t\t\t\n\t                \t\t\t\t<div class=\"thumb\">\n\t    \t\t\t\t<img decoding=\"async\" width=\"500\" height=\"500\" src=\"https:\/\/procinco.ahm-honduras.com\/wp-content\/uploads\/2022\/05\/Jennifer-2.jpg\" class=\"attachment-full size-full wp-post-image\" alt=\"\" srcset=\"https:\/\/procinco.ahm-honduras.com\/wp-content\/uploads\/2022\/05\/Jennifer-2.jpg 500w, https:\/\/procinco.ahm-honduras.com\/wp-content\/uploads\/2022\/05\/Jennifer-2-300x300.jpg 300w, https:\/\/procinco.ahm-honduras.com\/wp-content\/uploads\/2022\/05\/Jennifer-2-150x150.jpg 150w, https:\/\/procinco.ahm-honduras.com\/wp-content\/uploads\/2022\/05\/Jennifer-2-370x370.jpg 370w, https:\/\/procinco.ahm-honduras.com\/wp-content\/uploads\/2022\/05\/Jennifer-2-140x140.jpg 140w\" sizes=\"(max-width: 500px) 100vw, 500px\" \/>    \t\t\t\t<\/div><!-- \/.thumb -->\n         \t\t\n             \t             \t\t<div class=\"text-wrap\">\n\t\t\t\t        \t\t\t\t        \t<h4 class=\"name\" style=\"\">\n\t\t\t\t        \tJennifer Blanco<\/h4>\n\t\t\t\t        \n\t\t\t\t        \t\t\t\t        \t<h5 class=\"position\" style=\"\">\n\t\t\t\t        \tComponente de Emprendimiento<\/h5>\n\t\t\t\t        \n\t\t\t\t        \n\t\t\t\t        <ul class=\"socials clearfix\"><li class=\"facebook\"><a target=\"_blank\" href=\"http:\/\/emprendimiento@ahm-honduras.com\"><i class=\"fa fa-envelope\"><\/i><\/a><\/li><li class=\"google-plus\"><a target=\"_blank\" href=\"tel:504%202516-9100;102\"><i class=\"fa fa-phone\"><\/i><\/a><\/li><\/ul>\t\t\t        <\/div>\n\t\t            \t\t<\/div><!-- \/.inner -->\n        <\/div><!-- \/.member-item -->\n\t\t<\/div>\t\t\t<\/div><!-- \/.team-wrap -->\n<\/div><!-- \/.prelude-team-grid -->\n\n\r\n\t\t<\/div>\r\n\t<\/div>[\/vc_column_inner][\/vc_row_inner]\r\n\t<div class=\"prelude-spacer clearfix\" data-desktop=\"100\" data-mobi=\"60\" data-smobi=\"60\"><\/div>[\/vc_column][\/vc_row]<\/p>\n<\/div>","protected":false},"excerpt":{"rendered":"<p>[vc_row][vc_column][vc_row_inner column_inner_spacing=\u00bb70&#8243;][vc_column_inner width=\u00bb1\/2&#8243;][\/vc_column_inner][vc_column_inner width=\u00bb1\/2&#8243;][vc_column_text] Componente de Emprendimiento [\/vc_column_text][vc_column_text] El componente de emprendimiento de la Asociaci\u00f3n Hondure\u00f1a de Maquiladores es un espacio que promueve la generaci\u00f3n de oportunidades e ingresos a trav\u00e9s de la procreaci\u00f3n de ideas de negocios y la puesta en marcha de emprendimientos de\u00a0 diversos tipos. [\/vc_column_text][\/vc_column_inner][\/vc_row_inner][\/vc_column][\/vc_row][vc_row][vc_column][vc_column_text] El<\/p>\n","protected":false},"author":1,"featured_media":0,"parent":0,"menu_order":0,"comment_status":"closed","ping_status":"closed","template":"","meta":{"footnotes":""},"class_list":["post-17793","page","type-page","status-publish","hentry"],"_links":{"self":[{"href":"https:\/\/procinco.ahm-honduras.com\/index.php?rest_route=\/wp\/v2\/pages\/17793","targetHints":{"allow":["GET"]}}],"collection":[{"href":"https:\/\/procinco.ahm-honduras.com\/index.php?rest_route=\/wp\/v2\/pages"}],"about":[{"href":"https:\/\/procinco.ahm-honduras.com\/index.php?rest_route=\/wp\/v2\/types\/page"}],"author":[{"embeddable":true,"href":"https:\/\/procinco.ahm-honduras.com\/index.php?rest_route=\/wp\/v2\/users\/1"}],"replies":[{"embeddable":true,"href":"https:\/\/procinco.ahm-honduras.com\/index.php?rest_route=%2Fwp%2Fv2%2Fcomments&post=17793"}],"version-history":[{"count":57,"href":"https:\/\/procinco.ahm-honduras.com\/index.php?rest_route=\/wp\/v2\/pages\/17793\/revisions"}],"predecessor-version":[{"id":19381,"href":"https:\/\/procinco.ahm-honduras.com\/index.php?rest_route=\/wp\/v2\/pages\/17793\/revisions\/19381"}],"wp:attachment":[{"href":"https:\/\/procinco.ahm-honduras.com\/index.php?rest_route=%2Fwp%2Fv2%2Fmedia&parent=17793"}],"curies":[{"name":"wp","href":"https:\/\/api.w.org\/{rel}","templated":true}]}}