{"id":18112,"date":"2022-06-07T16:34:37","date_gmt":"2022-06-07T22:34:37","guid":{"rendered":"https:\/\/procinco.ahm-honduras.com-new\/?page_id=18112"},"modified":"2026-02-18T21:22:05","modified_gmt":"2026-02-19T03:22:05","slug":"sispro5","status":"publish","type":"page","link":"https:\/\/procinco.ahm-honduras.com\/?page_id=18112","title":{"rendered":"SISPRO5"},"content":{"rendered":"<div class=\"wpb-content-wrapper\"><p>[vc_row css=\u00bb.vc_custom_1654723727104{background-image: url(https:\/\/procinco.ahm-honduras.comwp-content\/uploads\/2022\/06\/section-bg.png?id=18203) !important;background-position: center !important;background-repeat: no-repeat !important;background-size: contain !important;}\u00bb][vc_column]\r\n\t<div class=\"prelude-spacer clearfix\" data-desktop=\"100\" data-mobi=\"60\" data-smobi=\"60\"><\/div><div class=\"prelude-headings clearfix text-center\" data-font=14 style=\"\"><h3 class=\"heading clearfix  accent\" style=\"font-weight:500;letter-spacing:0.25px;margin-bottom:15px;font-size:14px;\">\r\n\t\tUNA COMPLETA PLATAFORMA DE FORMACI\u00d3N\r\n\t<\/h3><\/div>[vc_column_text]<\/p>\n<h2 style=\"max-width: 900px; text-align: center; font-weight: 600; margin: 0 auto 10px;\"><span style=\"font-weight: 300;\">Sistema \u00e1gil y confiable para<\/span> organizar tu programa de capacitaci\u00f3n empresarial<\/h2>\n<p>[\/vc_column_text]<div class=\"prelude-headings clearfix text-center\"  style=\"\"><p class=\"sub-heading clearfix\" style=\"font-style:normal;color:#5e5d6c;font-size:18px;line-height:28px;max-width:800px;margin-left: auto; margin-right: auto;\">\r\n\t\tOrganiza tu pr\u00f3xima capacitaci\u00f3n anticipadamente<br \/>\ndesde el listado de cursos disponibles, as\u00ed de simple.\r\n\t<\/p><\/div>\r\n\t<div class=\"prelude-spacer clearfix\" data-desktop=\"80\" data-mobi=\"60\" data-smobi=\"60\"><\/div>[vc_row_inner][vc_column_inner width=\u00bb7\/12&#8243;]\r\n\t<div class=\"prelude-parallax-box\"><div class=\"parallax-wrap\"><div class=\"prelude-parallax-item has-width\" style=\"left:46%;margin-top:10%;width:50%;border-radius:5px;box-shadow: 0px 10px 90px 0px rgba(110,123,131,0.2);\" data-parallax='{\"y\" : -80, \"smoothness\" : 20}' data-top=\"10%\"><img decoding=\"async\" class=\"parallax-image\" src=\"https:\/\/procinco.ahm-honduras.com\/wp-content\/uploads\/2019\/12\/layered-img1.jpg\" alt=\"image\"><\/div><div class=\"prelude-parallax-item has-width\" style=\"left:3%;margin-top:20%;width:73%;border-radius:20px;box-shadow: 0px 10px 90px 0px rgba(110,123,131,0.2);\" data-parallax='{\"y\" : -40, \"smoothness\" : 20}' data-top=\"20%\"><img decoding=\"async\" class=\"parallax-image\" src=\"https:\/\/procinco.ahm-honduras.com\/wp-content\/uploads\/2022\/06\/P5-Screen-1.jpg\" alt=\"image\"><\/div><\/div><\/div>[\/vc_column_inner][vc_column_inner width=\u00bb5\/12&#8243;]\r\n\t<div class=\"prelude-spacer clearfix\" data-desktop=\"30\" data-mobi=\"0\" data-smobi=\"0\"><\/div><div class=\"prelude-headings clearfix \" data-font=32 style=\"\"><h2 class=\"heading clearfix \" style=\"font-size:32px;\">\r\n\t\tPrograma tu capacitaci\u00f3n\r\n\t<\/h2><\/div>\r\n\t<div class=\"prelude-spacer clearfix\" data-desktop=\"40\" data-mobi=\"30\" data-smobi=\"30\"><\/div><div class=\"prelude-icon-box clearfix icon-left align-left  link-hover-accent simple\" style=\"\" ><div class=\"wrap-inner\" style=\"position: relative;\"><div class=\"prelude-icon icon-1842126708 icon-font custom custom\"  data-icon=\"#0575e6\" data-background=\"\">\r\n\t\t\t<span class=\"icon\" style=\"font-size:26px;border-style:solid;margin-top:1px;\"><i class=\"fas fa-clipboard-list\"><\/i><\/span>\r\n\t\t<\/div> <div class=\"content-wrap\"><h3 class=\"heading \" style=\"padding-left:50px;font-size:22px;padding-top:5px;margin-bottom:17px;\">\r\n\t\t\t<span>Completo listado de cursos<\/span>\r\n\t\t<\/h3><div class=\"desc\" style=\"padding-left:50px;color:#5e5d6c;\"><div style=\"max-width: 380px;\">Selecciona el taller o seminario del listado, de acuerdo con las necesidades de tu empresa.<\/div>\n<\/div><\/div><\/div><\/div>\r\n\t<div class=\"prelude-spacer clearfix\" data-desktop=\"40\" data-mobi=\"30\" data-smobi=\"30\"><\/div><div class=\"prelude-icon-box clearfix icon-left align-left  link-hover-accent simple\" style=\"\" ><div class=\"wrap-inner\" style=\"position: relative;\"><div class=\"prelude-icon icon-1446538833 icon-font custom custom\"  data-icon=\"#0575e6\" data-background=\"\">\r\n\t\t\t<span class=\"icon\" style=\"font-size:26px;border-style:solid;margin-top:4px;\"><i class=\"fas fa-user\"><\/i><\/span>\r\n\t\t<\/div> <div class=\"content-wrap\"><h3 class=\"heading \" style=\"padding-left:50px;font-size:22px;padding-top:5px;margin-bottom:17px;\">\r\n\t\t\t<span>F\u00e1cil control de participantes<\/span>\r\n\t\t<\/h3><div class=\"desc\" style=\"padding-left:50px;color:#5e5d6c;\"><div style=\"max-width: 380px;\">F\u00e1cil manejo y r\u00e1pido control de los integrantes que van a tomar el curso de su inter\u00e9s.<\/div>\n<\/div><\/div><\/div><\/div>\r\n\t<div class=\"prelude-spacer clearfix\" data-desktop=\"40\" data-mobi=\"30\" data-smobi=\"30\"><\/div><div class=\"prelude-icon-box clearfix icon-left align-left  link-hover-accent simple\" style=\"\" ><div class=\"wrap-inner\" style=\"position: relative;\"><div class=\"prelude-icon icon-876129995 icon-font custom custom\"  data-icon=\"#0575e6\" data-background=\"\">\r\n\t\t\t<span class=\"icon\" style=\"font-size:26px;border-style:solid;margin-top:1px;\"><i class=\"fas fa-certificate\"><\/i><\/span>\r\n\t\t<\/div> <div class=\"content-wrap\"><h3 class=\"heading \" style=\"padding-left:50px;font-size:22px;padding-top:5px;margin-bottom:17px;\">\r\n\t\t\t<span>Diplomas digitales<\/span>\r\n\t\t<\/h3><div class=\"desc\" style=\"padding-left:50px;color:#5e5d6c;\"><div style=\"max-width: 380px;\">Certificados de participaci\u00f3n al instante, luego finalizar cada programa o seminario.<\/div>\n<\/div><\/div><\/div><\/div>[\/vc_column_inner][\/vc_row_inner]\r\n\t<div class=\"prelude-spacer clearfix\" data-desktop=\"65\" data-mobi=\"60\" data-smobi=\"60\"><\/div><div class=\"prelude-simple-image simple \" style=\" max-width:83px;text-align:center; margin:0 auto;\">\r\n\t\t\t\t<img decoding=\"async\" alt=\"image\" src=\"https:\/\/procinco.ahm-honduras.com\/wp-content\/uploads\/2019\/11\/separator-dotts.png\" \/> \r\n\t\t\t<\/div>\r\n\t<div class=\"prelude-spacer clearfix\" data-desktop=\"30\" data-mobi=\"15\" data-smobi=\"15\"><\/div><div class=\"prelude-content-box clearfix \" data-padding=\"35px 40px 45px 35px\" data-mobipadding=\"35px 40px 45px 35px\" data-margin=\"\" data-mobimargin=\"\" data-width=\"500\">\r\n\t\t<div class=\"inner ctb-1973471220\" style=\"margin: 0 auto;\"  data-background=\"\" data-rounded=\"20px\" data-shadow=\" 0px 5px 90px 0px rgba(110,123,131,0.1)\" data-rounded-hover=\"40\" data-border-color-hover=\"#8224e3\" data-shadow-hover=\" 0px 5px 90px 0px rgba(130,36,227,0.49)\" data-translatey=\"-5\">\r\n\t\t\t<div class=\"prelude-simple-image simple \" style=\"text-align:center; margin:0 auto;\">\r\n\t\t\t\t<a target=\"_blank\" href=\"https:\/\/apps.ahm-honduras.com\/sispro5\/\"><img decoding=\"async\" alt=\"image\" src=\"https:\/\/procinco.ahm-honduras.com\/wp-content\/uploads\/2022\/06\/spro5.png\" \/><\/a> \r\n\t\t\t<\/div>\r\n\t\t<\/div>\r\n\t<\/div>\r\n\t<div class=\"prelude-spacer clearfix\" data-desktop=\"30\" data-mobi=\"15\" data-smobi=\"15\"><\/div><div class=\"prelude-simple-image simple \" style=\" max-width:83px;text-align:center; margin:0 auto;\">\r\n\t\t\t\t<img decoding=\"async\" alt=\"image\" src=\"https:\/\/procinco.ahm-honduras.com\/wp-content\/uploads\/2019\/11\/separator-dotts.png\" \/> \r\n\t\t\t<\/div>\r\n\t<div class=\"prelude-spacer clearfix\" data-desktop=\"30\" data-mobi=\"15\" data-smobi=\"15\"><\/div>[vc_row_inner][vc_column_inner width=\u00bb1\/2&#8243;]<div class=\"prelude-content-box clearfix \" data-padding=\"35px 40px 45px 35px\" data-mobipadding=\"35px 40px 45px 35px\" data-margin=\"\" data-mobimargin=\"\" >\r\n\t\t<div class=\"inner ctb-606622875\" style=\"\"  data-background=\"\" data-rounded=\"5px\" data-shadow-hover=\" 0px 5px 90px 0px rgba(110,123,131,0.1)\" data-translatey=\"-5\">\r\n\t\t\t<div class=\"prelude-icon-box clearfix icon-left align-left  link-hover-accent simple\" style=\"\" ><div class=\"wrap-inner\" style=\"position: relative;\"><div class=\"prelude-icon icon-875267490 icon-font custom custom\"  data-icon=\"#8224e3\" data-background=\"\" data-border=\"#e7e7e7\">\r\n\t\t\t<span class=\"icon\" style=\"font-size:50px;width:110px;height:110px;border-style:solid;border-width:2px;border-radius:55px;line-height:106px;\"><i class=\"pe-7s-mouse\"><\/i><\/span>\r\n\t\t<\/div> <div class=\"content-wrap\"><h3 class=\"heading \" style=\"padding-left:130px;font-size:22px;padding-top:9px;margin-bottom:12px;\">\r\n\t\t\t<span>Manual de Usuario<\/span>\r\n\t\t<\/h3><div class=\"desc\" style=\"padding-left:130px;font-size:15px;line-height:25px;\"><p><a href=\"\/Documentos\/Manual_de_Sistema_Procinco_Solicitantes.pdf\"><span>Descargue el manual de uso <\/span><span>para empresas y usuarios de SISPRO5<\/span><\/a><\/p>\n<\/div><\/div><\/div><\/div>\r\n\t\t<\/div>\r\n\t<\/div>\r\n\t<div class=\"prelude-spacer clearfix\" data-desktop=\"30\" data-mobi=\"30\" data-smobi=\"30\"><\/div>[\/vc_column_inner][vc_column_inner width=\u00bb1\/2&#8243;]<div class=\"prelude-content-box clearfix \" data-padding=\"35px 40px 45px 35px\" data-mobipadding=\"35px 40px 45px 35px\" data-margin=\"\" data-mobimargin=\"\" >\r\n\t\t<div class=\"inner ctb-1296870877\" style=\"\"  data-background=\"\" data-rounded=\"5px\" data-shadow-hover=\" 0px 5px 90px 0px rgba(110,123,131,0.1)\" data-translatey=\"-5\">\r\n\t\t\t<div class=\"prelude-icon-box clearfix icon-left align-left  link-hover-accent simple\" style=\"\" ><div class=\"wrap-inner\" style=\"position: relative;\"><div class=\"prelude-icon icon-855943651 icon-font custom custom\"  data-icon=\"#7548e9\" data-background=\"\" data-border=\"#e7e7e7\">\r\n\t\t\t<span class=\"icon\" style=\"font-size:50px;width:110px;height:110px;border-style:solid;border-width:2px;border-radius:55px;line-height:110px;\"><i class=\"pe-7s-check\"><\/i><\/span>\r\n\t\t<\/div> <div class=\"content-wrap\"><h3 class=\"heading \" style=\"padding-left:130px;font-size:22px;padding-top:9px;margin-bottom:12px;\">\r\n\t\t\t<span>Procedimiento Provisional<\/span>\r\n\t\t<\/h3><div class=\"desc\" style=\"padding-left:130px;font-size:15px;line-height:25px;\"><p><a href=\"\/Documentos\/Procedimiento-Provisional-Para-usuarios-del-SISPRO5.doc\"><span>Descargue el procedimiento provisional para usuarios del SISPRO5<\/span><\/a><\/p>\n<\/div><\/div><\/div><\/div>\r\n\t\t<\/div>\r\n\t<\/div>\r\n\t<div class=\"prelude-spacer clearfix\" data-desktop=\"30\" data-mobi=\"30\" data-smobi=\"30\"><\/div>[\/vc_column_inner][\/vc_row_inner]\r\n\t<div class=\"prelude-spacer clearfix\" data-desktop=\"100\" data-mobi=\"60\" data-smobi=\"60\"><\/div>[\/vc_column][\/vc_row]<\/p>\n<\/div>","protected":false},"excerpt":{"rendered":"<p>[vc_row css=\u00bb.vc_custom_1654723727104{background-image: url(https:\/\/procinco.ahm-honduras.comwp-content\/uploads\/2022\/06\/section-bg.png?id=18203) !important;background-position: center !important;background-repeat: no-repeat !important;background-size: contain !important;}\u00bb][vc_column][vc_column_text] Sistema \u00e1gil y confiable para organizar tu programa de capacitaci\u00f3n empresarial [\/vc_column_text][vc_row_inner][vc_column_inner width=\u00bb7\/12&#8243;][\/vc_column_inner][vc_column_inner width=\u00bb5\/12&#8243;][\/vc_column_inner][\/vc_row_inner][vc_row_inner][vc_column_inner width=\u00bb1\/2&#8243;][\/vc_column_inner][vc_column_inner width=\u00bb1\/2&#8243;][\/vc_column_inner][\/vc_row_inner][\/vc_column][\/vc_row]<\/p>\n","protected":false},"author":1,"featured_media":0,"parent":0,"menu_order":0,"comment_status":"closed","ping_status":"closed","template":"","meta":{"footnotes":""},"class_list":["post-18112","page","type-page","status-publish","hentry"],"_links":{"self":[{"href":"https:\/\/procinco.ahm-honduras.com\/index.php?rest_route=\/wp\/v2\/pages\/18112","targetHints":{"allow":["GET"]}}],"collection":[{"href":"https:\/\/procinco.ahm-honduras.com\/index.php?rest_route=\/wp\/v2\/pages"}],"about":[{"href":"https:\/\/procinco.ahm-honduras.com\/index.php?rest_route=\/wp\/v2\/types\/page"}],"author":[{"embeddable":true,"href":"https:\/\/procinco.ahm-honduras.com\/index.php?rest_route=\/wp\/v2\/users\/1"}],"replies":[{"embeddable":true,"href":"https:\/\/procinco.ahm-honduras.com\/index.php?rest_route=%2Fwp%2Fv2%2Fcomments&post=18112"}],"version-history":[{"count":90,"href":"https:\/\/procinco.ahm-honduras.com\/index.php?rest_route=\/wp\/v2\/pages\/18112\/revisions"}],"predecessor-version":[{"id":19404,"href":"https:\/\/procinco.ahm-honduras.com\/index.php?rest_route=\/wp\/v2\/pages\/18112\/revisions\/19404"}],"wp:attachment":[{"href":"https:\/\/procinco.ahm-honduras.com\/index.php?rest_route=%2Fwp%2Fv2%2Fmedia&parent=18112"}],"curies":[{"name":"wp","href":"https:\/\/api.w.org\/{rel}","templated":true}]}}