{"id":18931,"date":"2023-04-20T08:19:22","date_gmt":"2023-04-20T14:19:22","guid":{"rendered":"https:\/\/procinco.ahm-honduras.com-new\/?page_id=18931"},"modified":"2026-02-18T14:39:25","modified_gmt":"2026-02-18T20:39:25","slug":"alianzas-suscritas-con-procinco","status":"publish","type":"page","link":"https:\/\/procinco.ahm-honduras.com\/?page_id=18931","title":{"rendered":"Alianzas Estrat\u00e9gicas"},"content":{"rendered":"<div class=\"wpb-content-wrapper\"><p>[vc_row css=\u00bb.vc_custom_1654723727104{background-image: url(\/wp-content\/uploads\/2022\/06\/section-bg.png?id=18203) !important;background-position: center !important;background-repeat: no-repeat !important;background-size: contain !important;}\u00bb][vc_column]\r\n\t<div class=\"prelude-spacer clearfix\" data-desktop=\"100\" data-mobi=\"60\" data-smobi=\"60\"><\/div><div class=\"prelude-headings clearfix text-center\" data-font=14 style=\"\"><h3 class=\"heading clearfix  accent\" style=\"font-weight:500;letter-spacing:0.25px;margin-bottom:15px;font-size:14px;\">\r\n\t\tPOTENCIANDO EL DESARROLLO EMPRESARIAL\r\n\t<\/h3><\/div>[vc_column_text]<\/p>\n<h2 style=\"max-width: 900px; text-align: center; font-weight: 600; margin: 0 auto 10px;\"><span style=\"font-weight: 300;\">Alianzas que potencian nuestro compromiso<\/span> con la capacitaci\u00f3n del Talento Humano<\/h2>\n<p>[\/vc_column_text]<div class=\"prelude-headings clearfix text-center\"  style=\"\"><p class=\"sub-heading clearfix\" style=\"font-style:normal;color:#5e5d6c;font-size:18px;line-height:28px;max-width:800px;margin-left: auto; margin-right: auto;\">\r\n\t\tTrabajamos en conjunto con instituciones destacadas para ampliar<br \/>\nel abanico de oportunidades de capacitaci\u00f3n para todas nuestras afiliadas.\r\n\t<\/p><\/div>\r\n\t<div class=\"prelude-spacer clearfix\" data-desktop=\"60\" data-mobi=\"30\" data-smobi=\"30\"><\/div>[\/vc_column][\/vc_row][vc_row el_class=\u00bbtablet-responsive-fix\u00bb css=\u00bb.vc_custom_1682001180032{background-color: #f7f9fa !important;}\u00bb el_id=\u00bbAlianzas\u00bb][vc_column]\r\n\t<div class=\"prelude-spacer clearfix\" data-desktop=\"60\" data-mobi=\"40\" data-smobi=\"40\"><\/div>[vc_row_inner][vc_column_inner]\r\n\t<div class=\"prelude-spacer clearfix\" data-desktop=\"35\" data-mobi=\"25\" data-smobi=\"10\"><\/div>\r\n\t<div class=\"prelude-tabs clearfix style-1\"><div class=\"tab-title clearfix\"><\/div><div class=\"tab-content-wrap\"><div class=\"tab-content \" style=\"\"><span class=\"item-title\" style=\"font-size:18px;\">\r\n\t\t\t<span class=\"inner\" style=\"\">\r\n\t\t\t\tConvenio INFOP\r\n\t\t\t<\/span>\r\n\t\t<\/span><div class=\"item-content\" style=\"\"><h3 style=\"font-size: 22px;\">Convenio de Cooperaci\u00f3n T\u00e9cnica con el Instituto Nacional de Formaci\u00f3n Profesional, INFOP:<\/h3>\n<div style=\"color: #5e5d6c; margin-top: 27px;\">\n<p><span style=\"font-weight: 400;\"><img decoding=\"async\" src=\"\/wp-content\/uploads\/2026\/02\/Logo-INFOP-26.png\" alt=\"\" width=\"250\" height=\"131\" class=\"size-full wp-image-18952 alignright\" \/>Este Convenio permite desarrollar acciones conjuntas de formaci\u00f3n a trav\u00e9s de cursos presenciales a las empresas aportantes al <\/span><b>INFOP<\/b><span style=\"font-weight: 400;\">, a los colaboradores en la industria textil, confecci\u00f3n, manufactura y servicios de exportaci\u00f3n, mediante un programa que contribuya a la generaci\u00f3n de empleo, el incremento de la productividad, competitividad, calidad y eficiencia del recurso humano hondure\u00f1o.\u00a0<\/span><\/p>\n<\/div>\n<\/div><\/div><div class=\"tab-content \" style=\"\"><span class=\"item-title\" style=\"font-size:18px;\">\r\n\t\t\t<span class=\"inner\" style=\"\">\r\n\t\t\t\tConvenio con FUNADEH\r\n\t\t\t<\/span>\r\n\t\t<\/span><div class=\"item-content\" style=\"\"><h3 style=\"font-size: 22px;\">Convenio de Cooperaci\u00f3n con Funadeh &#8211; Proyecto G\u00e9nesis (USAID)<\/h3>\n<div style=\"color: #5e5d6c; margin-top: 27px;\">\n<p><span style=\"font-weight: 400;\"><img decoding=\"async\" src=\"\/wp-content\/uploads\/2023\/04\/descarga-1-300x103.png\" alt=\"\" width=\"300\" height=\"103\" class=\"size-medium wp-image-18955 alignright\" srcset=\"https:\/\/procinco.ahm-honduras.com\/wp-content\/uploads\/2023\/04\/descarga-1-300x103.png 300w, https:\/\/procinco.ahm-honduras.com\/wp-content\/uploads\/2023\/04\/descarga-1.png 383w\" sizes=\"(max-width: 300px) 100vw, 300px\" \/><\/span><\/p>\n<p><span style=\"font-weight: 400;\">La alianza estrat\u00e9gica establecida ha brindado un apoyo invaluable a la ejecuci\u00f3n exitosa de la Academia de Programaci\u00f3n. El esfuerzo conjunto ha dado como resultado la graduaci\u00f3n de un total de 135 j\u00f3venes prometedores hasta noviembre de 2023.<br \/>\n2. <\/span><\/p>\n<p><span style=\"font-weight: 400;\">Estos graduados han sido equipados con s\u00f3lidas habilidades en programaci\u00f3n y tecnolog\u00eda, prepar\u00e1ndolos para enfrentar los desaf\u00edos del mundo digital en constante evoluci\u00f3n. <\/span><span style=\"font-weight: 400;\">La alianza ha demostrado ser una plataforma efectiva para impulsar el talento juvenil hacia un futuro pr\u00f3spero en la industria tecnol\u00f3gica. <\/span><\/p>\n<\/div>\n<\/div><\/div><div class=\"tab-content \" style=\"\"><span class=\"item-title\" style=\"font-size:18px;\">\r\n\t\t\t<span class=\"inner\" style=\"\">\r\n\t\t\t\tAcuerdo con CNBS\r\n\t\t\t<\/span>\r\n\t\t<\/span><div class=\"item-content\" style=\"\"><h3 style=\"font-size: 22px;\">Acuerdo de Cooperaci\u00f3n T\u00e9cnica con la Comisi\u00f3n Nacional de Bancos y Seguros:<\/h3>\n<div style=\"color: #5e5d6c; margin-top: 27px;\">\n<p><img decoding=\"async\" src=\"\/wp-content\/uploads\/2023\/04\/273923499_309749611186248_299537339270937796_n-300x300.png\" alt=\"\" width=\"300\" height=\"300\" class=\"size-medium wp-image-18962 alignright\" srcset=\"https:\/\/procinco.ahm-honduras.com\/wp-content\/uploads\/2023\/04\/273923499_309749611186248_299537339270937796_n-300x300.png 300w, https:\/\/procinco.ahm-honduras.com\/wp-content\/uploads\/2023\/04\/273923499_309749611186248_299537339270937796_n-150x150.png 150w, https:\/\/procinco.ahm-honduras.com\/wp-content\/uploads\/2023\/04\/273923499_309749611186248_299537339270937796_n-140x140.png 140w, https:\/\/procinco.ahm-honduras.com\/wp-content\/uploads\/2023\/04\/273923499_309749611186248_299537339270937796_n.png 303w\" sizes=\"(max-width: 300px) 100vw, 300px\" \/>En el marco del memor\u00e1ndum suscrito entre la Comisi\u00f3n Nacional de Bancos y Seguros (CNBS) y la Sparkassenstiftung fur internationale Kooperation (Fundaci\u00f3n Alemana de Cajas de ahorro para la Cooperaci\u00f3n Internacional) y a su vez, CNBS con la Asociaci\u00f3n Hondure\u00f1a de Maquiladores (AHM), se realiz\u00f3 en el mes de mayo 2018, las diferentes actividades para formar facilitadores en educaci\u00f3n financiera, con la finalidad de contar con personal capacitado y se pueda llegar al gran n\u00famero de colaboradores de la empresa textil maquiladora de Honduras.<\/p>\n<p>Procinco ha desarrollado e impartido los siguientes cursos<br \/>\n<strong><\/strong><\/p>\n<ul>\n<li><strong>Yo y mis finanzas<\/strong> (Parte 1) &#8211; 8 horas.<br \/>\n<strong><\/strong><\/li>\n<li><strong>Yo y mis finanzas<\/strong> (Parte 2) &#8211; 8 horas.<\/li>\n<li><strong>Simulador del ahorro<\/strong> &#8211; 8 horas.<\/li>\n<\/ul>\n<\/div>\n<\/div><\/div><div class=\"tab-content \" style=\"\"><span class=\"item-title\" style=\"font-size:18px;\">\r\n\t\t\t<span class=\"inner\" style=\"\">\r\n\t\t\t\tConvenio con CDE MIPYME RVS\r\n\t\t\t<\/span>\r\n\t\t<\/span><div class=\"item-content\" style=\"\"><h3 style=\"font-size: 22px;\">Convenio de Colaboraci\u00f3n entre el Centro de Desarrollo Empresarial de la micro, peque\u00f1a y mediana empresa de la regi\u00f3n del Valle de Sula (CDE MIPYME &#8211; RVS) y la Asociaci\u00f3n Hondure\u00f1a de Maquiladores (AHM)<\/h3>\n<div style=\"color: #5e5d6c; margin-top: 27px;\">\n<p><img decoding=\"async\" src=\"\/wp-content\/uploads\/2023\/04\/314495324_573249348136999_1819078101442384122_n-300x300.png\" alt=\"\" width=\"300\" height=\"300\" class=\"size-medium wp-image-18966 alignright\" srcset=\"https:\/\/procinco.ahm-honduras.com\/wp-content\/uploads\/2023\/04\/314495324_573249348136999_1819078101442384122_n-300x300.png 300w, https:\/\/procinco.ahm-honduras.com\/wp-content\/uploads\/2023\/04\/314495324_573249348136999_1819078101442384122_n-150x150.png 150w, https:\/\/procinco.ahm-honduras.com\/wp-content\/uploads\/2023\/04\/314495324_573249348136999_1819078101442384122_n-370x370.png 370w, https:\/\/procinco.ahm-honduras.com\/wp-content\/uploads\/2023\/04\/314495324_573249348136999_1819078101442384122_n-140x140.png 140w, https:\/\/procinco.ahm-honduras.com\/wp-content\/uploads\/2023\/04\/314495324_573249348136999_1819078101442384122_n.png 400w\" sizes=\"(max-width: 300px) 100vw, 300px\" \/>Mediante esta alianza estrat\u00e9gica empresarial entre la AHM y el CDE MIPYME RVS se consolid\u00f3 la activaci\u00f3n econ\u00f3mica y el fortalecimiento de los emprendimientos de los trabajadores del sector textil-maquilador, sus familiares y comunidades, mediante la implementaci\u00f3n de procesos formativos y dotaci\u00f3n de capital semilla en especie.<\/p>\n<p>Asignaci\u00f3n de capital semilla en especie a los emprendedores de la AHM que formen parte del acompa\u00f1amiento t\u00e9cnico ofrecido por el CDE Mipyme RVS, brindando inicialmente, durante el a\u00f1o 2021, capital semilla en especie a 133 emprendedores formados por el Componente de Emprendimiento del Programa PROCINCO de la AHM, por un valor de diez mil lempiras (Lps. 10,000.00) a cada emprendedor.<\/p>\n<\/div>\n<\/div><\/div><div class=\"tab-content \" style=\"\"><span class=\"item-title\" style=\"font-size:18px;\">\r\n\t\t\t<span class=\"inner\" style=\"\">\r\n\t\t\t\tAlianza con OIM\r\n\t\t\t<\/span>\r\n\t\t<\/span><div class=\"item-content\" style=\"\"><h3 style=\"font-size: 22px;\">Alianza suscrita entre la Organizaci\u00f3n Internacional para las Migraciones (OIM) y la Asociaci\u00f3n Hondure\u00f1a de Maquiladores<\/h3>\n<div style=\"color: #5e5d6c; margin-top: 27px;\">\n<p><img decoding=\"async\" src=\"\/wp-content\/uploads\/2023\/04\/OIM-300x140.png\" alt=\"\" width=\"300\" height=\"140\" class=\"size-medium wp-image-18969 alignright\" srcset=\"https:\/\/procinco.ahm-honduras.com\/wp-content\/uploads\/2023\/04\/OIM-300x140.png 300w, https:\/\/procinco.ahm-honduras.com\/wp-content\/uploads\/2023\/04\/OIM.png 400w\" sizes=\"(max-width: 300px) 100vw, 300px\" \/>A trav\u00e9s de la alianza suscrita entre la Organizaci\u00f3n Internacional para las Migraciones (OIM) y la Asociaci\u00f3n Hondure\u00f1a de Maquiladores se contribuy\u00f3 con la prevenci\u00f3n de la migraci\u00f3n irregular a trav\u00e9s de la generaci\u00f3n de medios de vida a los colaboradores del sector textil &#8211; maquilador y zonas vulnerables. Dentro de las actividades que se llevaron a cabo, se citan las siguientes:<\/p>\n<ul>\n<li>Campa\u00f1a de sensibilizaci\u00f3n y charlas educativas que contribuyan a la prevenci\u00f3n de la migraci\u00f3n irregular de los\u00a0 colaboradores del sector textil maquilador y comunidades de San Pedro Sula.<\/li>\n<li>Asistencia t\u00e9cnica a emprendedores de la maquila y las comunidades.<\/li>\n<li>Aceleraci\u00f3n de emprendimientos con un enfoque de sostenibilidad y supervivencia en el mercado.<\/li>\n<li>Capacitaci\u00f3n a nuevos emprendedores en tres etapas de empresarialidad con el prop\u00f3sito que generen nuevos negocios y recursos econ\u00f3micos.<\/li>\n<li>Capital semilla a emprendedores para generar nuevas iniciativas empresariales.<\/li>\n<\/ul>\n<\/div>\n<\/div><\/div>\n<\/div><\/div>[\/vc_column_inner][\/vc_row_inner]\r\n\t<div class=\"prelude-spacer clearfix\" data-desktop=\"60\" data-mobi=\"40\" data-smobi=\"40\"><\/div>[vc_column_inner][\/vc_column_inner][\/vc_column][\/vc_row]<\/p>\n<\/div>","protected":false},"excerpt":{"rendered":"<p>[vc_row css=\u00bb.vc_custom_1654723727104{background-image: url(\/wp-content\/uploads\/2022\/06\/section-bg.png?id=18203) !important;background-position: center !important;background-repeat: no-repeat !important;background-size: contain !important;}\u00bb][vc_column][vc_column_text] Alianzas que potencian nuestro compromiso con la capacitaci\u00f3n del Talento Humano [\/vc_column_text][\/vc_column][\/vc_row][vc_row el_class=\u00bbtablet-responsive-fix\u00bb css=\u00bb.vc_custom_1682001180032{background-color: #f7f9fa !important;}\u00bb el_id=\u00bbAlianzas\u00bb][vc_column][vc_row_inner][vc_column_inner][\/vc_column_inner][\/vc_row_inner][vc_column_inner][\/vc_column_inner][\/vc_column][\/vc_row]<\/p>\n","protected":false},"author":1,"featured_media":0,"parent":0,"menu_order":0,"comment_status":"closed","ping_status":"closed","template":"","meta":{"footnotes":""},"class_list":["post-18931","page","type-page","status-publish","hentry"],"_links":{"self":[{"href":"https:\/\/procinco.ahm-honduras.com\/index.php?rest_route=\/wp\/v2\/pages\/18931","targetHints":{"allow":["GET"]}}],"collection":[{"href":"https:\/\/procinco.ahm-honduras.com\/index.php?rest_route=\/wp\/v2\/pages"}],"about":[{"href":"https:\/\/procinco.ahm-honduras.com\/index.php?rest_route=\/wp\/v2\/types\/page"}],"author":[{"embeddable":true,"href":"https:\/\/procinco.ahm-honduras.com\/index.php?rest_route=\/wp\/v2\/users\/1"}],"replies":[{"embeddable":true,"href":"https:\/\/procinco.ahm-honduras.com\/index.php?rest_route=%2Fwp%2Fv2%2Fcomments&post=18931"}],"version-history":[{"count":45,"href":"https:\/\/procinco.ahm-honduras.com\/index.php?rest_route=\/wp\/v2\/pages\/18931\/revisions"}],"predecessor-version":[{"id":19389,"href":"https:\/\/procinco.ahm-honduras.com\/index.php?rest_route=\/wp\/v2\/pages\/18931\/revisions\/19389"}],"wp:attachment":[{"href":"https:\/\/procinco.ahm-honduras.com\/index.php?rest_route=%2Fwp%2Fv2%2Fmedia&parent=18931"}],"curies":[{"name":"wp","href":"https:\/\/api.w.org\/{rel}","templated":true}]}}